{"id":106,"date":"2024-11-20T11:55:58","date_gmt":"2024-11-20T10:55:58","guid":{"rendered":"http:\/\/www.cofe.at\/consulting\/?page_id=106"},"modified":"2024-12-03T11:37:25","modified_gmt":"2024-12-03T10:37:25","slug":"agb","status":"publish","type":"page","link":"https:\/\/www.cofe.at\/index.php\/agb\/","title":{"rendered":"Allgemeine Gesch\u00e4ftsbedingungen"},"content":{"rendered":"\n<p><strong>1. Allgemeine Grundlagen \/ Geltungsbereich<\/strong><\/p>\n\n\n\n<p>1.1&nbsp;&nbsp;&nbsp;&nbsp; F\u00fcr s\u00e4mtliche Rechtsgesch\u00e4fte zwischen dem\/der Auftraggeber:in und dem\/der Auftragnehmer:in (Unternehmensberater:in) \u2013 im Folgenden wird nur die Bezeichnung Auftragnehmer:in verwendet &#8211; gelten ausschlie\u00dflich diese Allgemeinen Gesch\u00e4ftsbedingungen. Ma\u00dfgeblich ist jeweils die zum Zeitpunkt des Vertragsabschlusses g\u00fcltige Fassung.<\/p>\n\n\n\n<p>1.2&nbsp;&nbsp;&nbsp;&nbsp; Diese Allgemeinen Gesch\u00e4ftsbedingungen gelten auch f\u00fcr alle k\u00fcnftigen Vertragsbeziehungen, somit auch dann, wenn bei Zusatzvertr\u00e4gen darauf nicht ausdr\u00fccklich hingewiesen wird.<\/p>\n\n\n\n<p>1.3&nbsp;&nbsp;&nbsp;&nbsp; Entgegenstehende Allgemeine Gesch\u00e4ftsbedingungen des\/der Auftraggebers:in sind ung\u00fcltig, es sei denn, diese werden vom\/von der Auftragnehmer:in ausdr\u00fccklich schriftlich anerkannt.<\/p>\n\n\n\n<p>1.4&nbsp;&nbsp;&nbsp;&nbsp; F\u00fcr den Fall, dass einzelne Bestimmungen dieser Allgemeinen Gesch\u00e4ftsbedingungen unwirksam sein und\/oder werden sollten, ber\u00fchrt dies die Wirksamkeit der verbleibenden Bestimmungen und der unter ihrer Zugrundelegung geschlossenen Vertr\u00e4ge nicht. Die unwirksame ist durch eine wirksame Bestimmung, die ihr dem Sinn und wirtschaftlichen Zweck nach am n\u00e4chsten kommt, zu ersetzen.<\/p>\n\n\n\n<p><strong>2. Umfang des Beratungsauftrages \/ Stellvertretung<\/strong><\/p>\n\n\n\n<p>2.1&nbsp;&nbsp;&nbsp;&nbsp; Der Umfang eines konkreten Beratungsauftrages wird im Einzelfall vertraglich vereinbart.<\/p>\n\n\n\n<p>2.2&nbsp;&nbsp;&nbsp;&nbsp; Der\/die Auftragnehmer:in ist berechtigt, die ihm\/ihr obliegenden Aufgaben ganz oder teilweise durch Dritte erbringen zu lassen. Die Bezahlung des Dritten erfolgt ausschlie\u00dflich durch den\/die Auftragnehmer:in selbst. Es entsteht kein wie immer geartetes direktes Vertragsverh\u00e4ltnis zwischen dem Dritten und dem\/der Auftraggeber:in.<\/p>\n\n\n\n<p>2.3&nbsp;&nbsp;&nbsp;&nbsp; Der\/die Auftraggeber:in verpflichtet sich, w\u00e4hrend sowie bis zum Ablauf von drei Jahren nach Beendigung dieses Vertragsverh\u00e4ltnisses keine wie immer geartete Gesch\u00e4ftsbeziehung zu Personen oder Gesellschaften einzugehen, deren sich der\/die Auftragnehmer:in zur Erf\u00fcllung seiner vertraglichen Pflichten bedient. Der\/die Auftraggeber:in wird diese Personen und Gesellschaften insbesondere nicht mit solchen oder \u00e4hnlichen Beratungsleistungen beauftragen, die auch der\/die Auftragnehmer:in anbietet.<\/p>\n\n\n\n<p><strong>3. Aufkl\u00e4rungspflicht des\/der Auftraggebers:in \/ Vollst\u00e4ndigkeitserkl\u00e4rung<\/strong><\/p>\n\n\n\n<p>3.1&nbsp;&nbsp;&nbsp;&nbsp; Der\/die Auftraggeber:in sorgt daf\u00fcr, dass die organisatorischen Rahmenbedingungen bei Erf\u00fcllung des Beratungsauftrages an seinem\/ihrem Gesch\u00e4ftssitz ein m\u00f6glichst ungest\u00f6rtes, dem raschen Fortgang des Beratungsprozesses f\u00f6rderliches Arbeiten erlauben.<\/p>\n\n\n\n<p>3.2&nbsp;&nbsp;&nbsp;&nbsp; Der\/die Auftraggeber:in wird den\/die Auftragnehmer:in auch \u00fcber vorher durchgef\u00fchrte und\/oder laufende Beratungen \u2013 auch auf anderen Fachgebieten \u2013 umfassend informieren.<\/p>\n\n\n\n<p>3.3&nbsp;&nbsp;&nbsp;&nbsp; Der\/die Auftraggeber:in sorgt daf\u00fcr, dass dem\/der Auftragnehmer:in auch ohne dessen besondere Aufforderung alle f\u00fcr die Erf\u00fcllung und Ausf\u00fchrung des Beratungsauftrages notwendigen Unterlagen zeitgerecht vorgelegt werden und ihm\/ihr von allen Vorg\u00e4ngen und Umst\u00e4nden Kenntnis gegeben wird, die f\u00fcr die Ausf\u00fchrung des Beratungsauftrages von Bedeutung sind. Dies gilt auch f\u00fcr alle Unterlagen, Vorg\u00e4nge und Umst\u00e4nde, die erst w\u00e4hrend der T\u00e4tigkeit des\/der Beraters:in bekannt werden.<\/p>\n\n\n\n<p>3.4&nbsp;&nbsp;&nbsp;&nbsp; Der\/die Auftraggeber:in sorgt daf\u00fcr, dass seine\/ihre Mitarbeiter:innen und die gesetzlich vorgesehene und gegebenenfalls eingerichtete Arbeitnehmervertretung (Betriebsrat) bereits vor Beginn der T\u00e4tigkeit des\/der Auftragnehmers:in von dieser informiert werden.<\/p>\n\n\n\n<p><strong>4. Sicherung der Unabh\u00e4ngigkeit<\/strong><\/p>\n\n\n\n<p>4.1&nbsp;&nbsp;&nbsp;&nbsp; Die Vertragsparteien verpflichten sich zur gegenseitigen Loyalit\u00e4t.<\/p>\n\n\n\n<p>4.2&nbsp;&nbsp;&nbsp;&nbsp; Die Vertragsparteien verpflichten sich gegenseitig, alle Vorkehrungen zu treffen, die geeignet sind, die Gef\u00e4hrdung der Unabh\u00e4ngigkeit der beauftragten Dritten und Mitarbeiter:innen des\/der Auftragnehmers:in zu verhindern. Dies gilt insbesondere f\u00fcr Angebote des\/der Auftraggebers:in auf Anstellung bzw. der \u00dcbernahme von Auftr\u00e4gen auf eigene Rechnung.<\/p>\n\n\n\n<p><strong>5. Berichterstattung \/ Berichtspflicht<\/strong><\/p>\n\n\n\n<p>5.1\u00a0\u00a0\u00a0\u00a0 Der\/die Auftragnehmer:in verpflichtet sich, \u00fcber seine\/ihre Arbeit, die seiner\/ihrer Mitarbeiter:innen und gegebenenfalls auch die beauftragter Dritter dem Arbeitsfortschritt entsprechend dem\/der Auftraggeber:in nach Aufforderung Bericht zu erstatten.<\/p>\n\n\n\n<p>5.2\u00a0\u00a0\u00a0\u00a0 Den Schlussbericht, sofern angefordert, erh\u00e4lt der\/die Auftraggeber:in in angemessener Zeit, d.h. zwei bis vier\u00a0Wochen, je nach Art und Umfang des Beratungsauftrages nach Abschluss des Auftrages.<\/p>\n\n\n\n<p>5.3&nbsp;&nbsp;&nbsp;&nbsp; Der\/die Auftragnehmer:in ist bei der Herstellung des vereinbarten Werkes weisungsfrei, handelt nach eigenem Gutd\u00fcnken und in eigener Verantwortung. Er\/sie ist an keinen bestimmten Arbeitsort und keine bestimmte Arbeitszeit gebunden.<\/p>\n\n\n\n<p><strong>6. Schutz des geistigen Eigentums<\/strong><\/p>\n\n\n\n<p>6.1&nbsp;&nbsp;&nbsp;&nbsp; Die Urheberrechte an den vom\/von der Auftragnehmer:in und seinen\/ihren Mitarbeiter:innen und beauftragten Dritten geschaffenen Werke (insbesondere Anbote, Berichte, Analysen, Gutachten, Organisationspl\u00e4ne, Programme, Leistungsbeschreibungen, Entw\u00fcrfe, Berechnungen, Zeichnungen, Datentr\u00e4ger etc.) verbleiben beim\/bei der Auftragnehmer:in. Sie d\u00fcrfen vom\/von der Auftraggeber:in w\u00e4hrend und nach Beendigung des Vertragsverh\u00e4ltnisses ausschlie\u00dflich f\u00fcr vom Vertrag umfasste Zwecke verwendet werden. Der\/die Auftraggeber:in ist insofern nicht berechtigt, das Werk (die Werke) ohne ausdr\u00fcckliche Zustimmung des\/der Auftragnehmers:in zu vervielf\u00e4ltigen und\/oder zu verbreiten. Keinesfalls entsteht durch eine unberechtigte Vervielf\u00e4ltigung\/Verbreitung des Werkes eine Haftung des\/der Auftragnehmers:in \u2013 insbesondere etwa f\u00fcr die Richtigkeit des Werkes \u2013 gegen\u00fcber Dritten.<\/p>\n\n\n\n<p>6.2&nbsp;&nbsp;&nbsp;&nbsp; Der Versto\u00df des\/der Auftraggebers:in gegen diese Bestimmungen berechtigt den\/die Auftragnehmer:in zur sofortigen vorzeitigen Beendigung des Vertragsverh\u00e4ltnisses und zur Geltendmachung anderer gesetzlicher Anspr\u00fcche, insbesondere auf Unterlassung und\/oder Schadenersatz.<\/p>\n\n\n\n<p><strong>7. Gew\u00e4hrleistung<\/strong><\/p>\n\n\n\n<p>7.1&nbsp;&nbsp;&nbsp;&nbsp; Der\/die Auftragnehmer:in ist ohne R\u00fccksicht auf ein Verschulden berechtigt und verpflichtet, bekanntwerdende Unrichtigkeiten und M\u00e4ngel im Rahmen der gesetzlichen Gew\u00e4hrleistung an seiner\/ihrer Leistung zu beheben. Er\/sie wird den\/die Auftraggeber:in hievon unverz\u00fcglich in Kenntnis setzen.<\/p>\n\n\n\n<p>7.2&nbsp;&nbsp;&nbsp;&nbsp; Dieser Anspruch des\/der Auftraggebers:in erlischt nach sechs Monaten nach Erbringen der jeweiligen Leistung.<\/p>\n\n\n\n<p><strong>8. Haftung \/ Schadenersatz<\/strong><\/p>\n\n\n\n<p>8.1&nbsp;&nbsp;&nbsp;&nbsp; Der\/die Auftragnehmer:in haftet dem\/der Auftraggeber:in f\u00fcr Sch\u00e4den \u2013 ausgenommen f\u00fcr Personensch\u00e4den &#8211; nur im Falle groben Verschuldens (Vorsatz oder grobe Fahrl\u00e4ssigkeit). Dies gilt sinngem\u00e4\u00df auch f\u00fcr Sch\u00e4den, die auf vom\/von der Auftragnehmer:in beigezogene Dritte zur\u00fcckgehen.<\/p>\n\n\n\n<p>8.2&nbsp;&nbsp;&nbsp;&nbsp; Schadenersatzanspr\u00fcche des\/der Aufraggebers:in k\u00f6nnen nur innerhalb von sechs Monaten ab Kenntnis von Schaden und Sch\u00e4diger, sp\u00e4testens aber innerhalb von drei Jahren nach dem anspruchsbegr\u00fcndenden Ereignis gerichtlich geltend gemacht werden.<\/p>\n\n\n\n<p>8.3&nbsp;&nbsp;&nbsp;&nbsp; Der\/die Auftraggeber:in hat jeweils den Beweis zu erbringen, dass der Schaden auf ein Verschulden des\/der Auftragnehmers:in zur\u00fcckzuf\u00fchren ist.<\/p>\n\n\n\n<p>8.4&nbsp;&nbsp;&nbsp;&nbsp; Sofern der\/die Auftragnehmer:in das Werk unter Zuhilfenahme Dritter erbringt und in diesem Zusammenhang Gew\u00e4hrleistungs- und\/oder Haftungsanspr\u00fcche gegen\u00fcber diesen Dritten entstehen, tritt der\/die Auftragnehmer:in diese Anspr\u00fcche an den\/die Auftraggeber:in ab. Der\/die Auftraggeber:in wird sich in diesem Fall vorrangig an diese Dritten halten.<\/p>\n\n\n\n<p><strong>9. Geheimhaltung \/ Datenschutz<\/strong><\/p>\n\n\n\n<p>9.1&nbsp;&nbsp;&nbsp;&nbsp; Der\/die Auftragnehmer:in verpflichtet sich zu unbedingtem Stillschweigen \u00fcber alle ihm\/ihr zur Kenntnis gelangenden gesch\u00e4ftlichen Angelegenheiten, insbesondere Gesch\u00e4fts- und Betriebsgeheimnisse sowie jedwede Information, die er\/sie \u00fcber Art, Betriebsumfang und praktische T\u00e4tigkeit des\/der Auftraggebers:in erh\u00e4lt.<\/p>\n\n\n\n<p>9.2&nbsp;&nbsp;&nbsp;&nbsp; Weiters verpflichtet sich der\/die Auftragnehmer:in, \u00fcber den gesamten Inhalt des Werkes sowie s\u00e4mtliche Informationen und Umst\u00e4nde, die ihm\/ihr im Zusammenhang mit der Erstellung des Werkes zugegangen sind, insbesondere auch \u00fcber die Daten von Klient:innen des\/der Auftraggebers:in, Dritten gegen\u00fcber Stillschweigen zu bewahren.<\/p>\n\n\n\n<p>9.3&nbsp;&nbsp;&nbsp;&nbsp; Der\/die Auftragnehmer:in ist von der Schweigepflicht gegen\u00fcber allf\u00e4lligen Gehilfen und Stellvertreter:innen, denen er\/sie sich bedient, entbunden. Er\/sie hat die Schweigepflicht aber auf diese vollst\u00e4ndig zu \u00fcberbinden und haftet f\u00fcr deren Versto\u00df gegen die Verschwiegenheitsverpflichtung wie f\u00fcr einen eigenen Versto\u00df.<\/p>\n\n\n\n<p>9.4&nbsp;&nbsp;&nbsp;&nbsp; Die Schweigepflicht reicht unbegrenzt auch \u00fcber das Ende dieses Vertragsverh\u00e4ltnisses hinaus. Ausnahmen bestehen im Falle gesetzlich vorgesehener Aussageverpflichtungen.<\/p>\n\n\n\n<p>9.5&nbsp;&nbsp;&nbsp;&nbsp; Der\/die Auftragnehmer:in ist berechtigt, ihm\/ihr anvertraute personenbezogene Daten im Rahmen der Zweckbestimmung des Vertragsverh\u00e4ltnisses zu verarbeiten. Der\/die Auftraggeber:in leistet dem\/der Auftragnehmer:in Gew\u00e4hr, dass hief\u00fcr s\u00e4mtliche erforderlichen Ma\u00dfnahmen insbesondere jene im Sinne des Datenschutzgesetzes, wie etwa Zustimmungserkl\u00e4rungen der Betroffenen, getroffen worden sind.<strong><br><\/strong><\/p>\n\n\n\n<p><strong>10. Honorar<\/strong><\/p>\n\n\n\n<p>10.1&nbsp;&nbsp; Nach Vollendung des vereinbarten Werkes erh\u00e4lt der\/die Auftragnehmer:in ein Honorar gem\u00e4\u00df der Vereinbarung zwischen dem\/der Auftraggeber:in und dem\/der Auftragnehmer:in. Der\/die Auftragnehmer:in ist berechtigt, dem Arbeitsfortschritt entsprechend Zwischenabrechnungen zu legen und dem jeweiligen Fortschritt entsprechende Akonti zu verlangen. Das Honorar ist jeweils mit Rechnungslegung durch den\/die Auftragnehmer:in f\u00e4llig.<\/p>\n\n\n\n<p>10.2&nbsp;&nbsp; Der\/die Auftragnehmer:in wird jeweils eine zum Vorsteuerabzug berechtigende Rechnung mit allen gesetzlich erforderlichen Merkmalen ausstellen.<\/p>\n\n\n\n<p>10.3&nbsp;&nbsp; Anfallende Barauslagen, Spesen, Reisekosten, etc. sind gegen Rechnungslegung des\/der Auftragnehmers:in vom\/von der Auftraggeber:in zus\u00e4tzlich zu ersetzen.<\/p>\n\n\n\n<p>10.4&nbsp;&nbsp; Unterbleibt die Ausf\u00fchrung des vereinbarten Werkes aus Gr\u00fcnden, die auf Seiten des\/der Auftraggebers:in liegen, oder aufgrund einer berechtigten vorzeitigen Beendigung des Vertragsverh\u00e4ltnisses durch den\/die Auftragnehmer:in, so beh\u00e4lt der\/die Auftragnehmer:in den Anspruch auf Zahlung des gesamten vereinbarten Honorars abz\u00fcglich ersparter Aufwendungen. Im Falle der Vereinbarung eines Stundenhonorars ist das Honorar f\u00fcr jene Stundenanzahl, die f\u00fcr das gesamte vereinbarte Werk zu erwarten gewesen ist, abz\u00fcglich der ersparten Aufwendungen zu leisten. Die ersparten Aufwendungen sind mit 30 Prozent des Honorars f\u00fcr jene Leistungen, die der\/die Auftragnehmer:in bis zum Tage der Beendigung des Vertragsverh\u00e4ltnisses noch nicht erbracht hat, pauschaliert vereinbart.<\/p>\n\n\n\n<p>10.5&nbsp;&nbsp; Im Falle der Nichtzahlung von Zwischenabrechnungen ist der\/die Auftragnehmer:in von seiner\/ihrer Verpflichtung, weitere Leistungen zu erbringen, befreit. Die Geltendmachung weiterer aus der Nichtzahlung resultierender Anspr\u00fcche wird dadurch aber nicht ber\u00fchrt.<\/p>\n\n\n\n<p><strong>11. Elektronische Rechnungslegung<\/strong><\/p>\n\n\n\n<p>11.1&nbsp;&nbsp; Der\/die Auftragnehmer:in ist berechtigt, dem\/der Auftraggeber:in Rechnungen auch in elektronischer Form zu \u00fcbermitteln. Der\/die Auftraggeber:in erkl\u00e4rt sich mit der Zusendung von Rechnungen in elektronischer Form durch den\/die Auftragnehmer:in ausdr\u00fccklich einverstanden.<\/p>\n\n\n\n<p><strong>12. Dauer des Vertrages<\/strong><\/p>\n\n\n\n<p>12.1&nbsp;&nbsp; Dieser Vertrag endet grunds\u00e4tzlich mit dem Abschluss des Projekts und der entsprechenden Rechnungslegung.<\/p>\n\n\n\n<p>12.2&nbsp;&nbsp; Der Vertrag kann dessen ungeachtet jederzeit aus wichtigen Gr\u00fcnden von jeder Seite ohne Einhaltung einer K\u00fcndigungsfrist gel\u00f6st werden. Als wichtiger Grund ist insbesondere anzusehen,<\/p>\n\n\n\n<ul class=\"wp-block-list\">\n<li>Wenn eine Vertragspartei wesentliche Vertragsverpflichtungen verletzt, oder<\/li>\n\n\n\n<li>wenn eine Vertragspartei nach Er\u00f6ffnung eines Insolvenzverfahrens in Zahlungsverzug ger\u00e4t, oder<\/li>\n\n\n\n<li>wenn berechtigte Bedenken hinsichtlich der Bonit\u00e4t einer Vertragspartei, \u00fcber die kein Insolvenzverfahren er\u00f6ffnet ist, bestehen und diese auf Begehren des\/der Auftragnehmers:in weder Vorauszahlungen leistet noch vor Leistung des\/der Auftragnehmers:in eine taugliche Sicherheit leistet und die schlechten Verm\u00f6gensverh\u00e4ltnisse der anderen Vertragspartei bei Vertragsabschluss nicht bekannt waren.<\/li>\n<\/ul>\n\n\n\n<p><strong>13. Schlussbestimmungen<\/strong><\/p>\n\n\n\n<p>13.1&nbsp;&nbsp; Die Vertragsparteien best\u00e4tigen, alle Angaben im Vertrag gewissenhaft und wahrheitsgetreu gemacht zu haben und verpflichten sich, allf\u00e4llige \u00c4nderungen wechselseitig umgehend bekannt zu geben.<\/p>\n\n\n\n<p>13.2&nbsp;&nbsp; \u00c4nderungen des Vertrages und dieser AGB bed\u00fcrfen der Schriftform; ebenso ein Abgehen von dieser Formerfordernis. M\u00fcndliche Nebenabreden bestehen nicht.<\/p>\n\n\n\n<p>13.3&nbsp;&nbsp; Auf diesen Vertrag ist materielles \u00f6sterreichisches Recht unter Ausschluss der Verweisungsnormen des internationalen Privatrechts sowie des UN-Kaufrechts anwendbar. Erf\u00fcllungsort ist der Ort der beruflichen Niederlassung des\/der Auftragnehmers:in. F\u00fcr Streitigkeiten ist das Gericht am Unternehmensort des\/der Auftragnehmers:in zust\u00e4ndig.<\/p>\n\n\n\n<p>13.4\u00a0\u00a0 F\u00fcr den Fall von Streitigkeiten aus diesem Vertrag, die nicht einvernehmlich geregelt werden k\u00f6nnen, vereinbaren die Vertragsparteien einvernehmlich zur au\u00dfergerichtlichen Beilegung des Konfliktes eingetragene Mediator:innen (ZivMediatG) mit dem Schwerpunkt WirtschaftsMediation aus der Liste des Justizministeriums beizuziehen. Sollte \u00fcber die Auswahl der WirtschaftsMediatoren:innen oder inhaltlich kein Einvernehmen hergestellt werden k\u00f6nnen, werden fr\u00fchestens ein Monat ab Scheitern der Verhandlungen rechtliche Schritte eingeleitet.<\/p>\n\n\n\n<p>13.5\u00a0\u00a0 Im Falle einer nicht zustande gekommenen oder abgebrochenen Mediation, gilt in einem allf\u00e4llig eingeleiteten Gerichtsverfahren \u00f6sterreichisches Recht. <br>S\u00e4mtliche aufgrund einer vorherigen Mediation angelaufenen notwendigen Aufwendungen, insbesondere auch jene f\u00fcr beigezogene Rechtsberater:innen, k\u00f6nnen vereinbarungsgem\u00e4\u00df in einem Gerichts- oder Schiedsgerichtsverfahren als \u201evorprozessuale Kosten\u201c geltend gemacht werden.<\/p>\n\n\n\n<p><\/p>\n","protected":false},"excerpt":{"rendered":"<p>1. Allgemeine Grundlagen \/ Geltungsbereich 1.1&nbsp;&nbsp;&nbsp;&nbsp; F\u00fcr s\u00e4mtliche Rechtsgesch\u00e4fte zwischen dem\/der Auftraggeber:in und dem\/der Auftragnehmer:in (Unternehmensberater:in) \u2013 im Folgenden wird nur die Bezeichnung Auftragnehmer:in verwendet &#8211; gelten ausschlie\u00dflich diese Allgemeinen Gesch\u00e4ftsbedingungen. Ma\u00dfgeblich ist jeweils die zum Zeitpunkt des Vertragsabschlusses g\u00fcltige Fassung. 1.2&nbsp;&nbsp;&nbsp;&nbsp; Diese Allgemeinen Gesch\u00e4ftsbedingungen gelten auch f\u00fcr alle k\u00fcnftigen Vertragsbeziehungen, somit auch dann, wenn [&hellip;]<\/p>\n","protected":false},"author":1,"featured_media":0,"parent":0,"menu_order":0,"comment_status":"closed","ping_status":"closed","template":"","meta":{"_eb_attr":"","_themeisle_gutenberg_block_has_review":false,"footnotes":""},"class_list":["post-106","page","type-page","status-publish","hentry"],"yoast_head":"<!-- This site is optimized with the Yoast SEO plugin v27.4 - https:\/\/yoast.com\/product\/yoast-seo-wordpress\/ -->\n<title>Allgemeine Gesch\u00e4ftsbedingungen - CoFe e.U.<\/title>\n<meta name=\"description\" content=\"Hier finden Sie die vollst\u00e4ndigen Allgemeinen Gesch\u00e4ftsbedingungen (AGB) von CoFe e.U.. Transparent, verst\u00e4ndlich und rechtssicher \u2013 informieren Sie sich \u00fcber unsere Vertragsbedingungen.\" \/>\n<meta name=\"robots\" content=\"index, follow, max-snippet:-1, max-image-preview:large, max-video-preview:-1\" \/>\n<link rel=\"canonical\" href=\"https:\/\/www.cofe.at\/index.php\/agb\/\" \/>\n<meta property=\"og:locale\" content=\"de_DE\" \/>\n<meta property=\"og:type\" content=\"article\" \/>\n<meta property=\"og:title\" content=\"Allgemeine Gesch\u00e4ftsbedingungen - CoFe e.U.\" \/>\n<meta property=\"og:description\" content=\"Hier finden Sie die vollst\u00e4ndigen Allgemeinen Gesch\u00e4ftsbedingungen (AGB) von CoFe e.U.. Transparent, verst\u00e4ndlich und rechtssicher \u2013 informieren Sie sich \u00fcber unsere Vertragsbedingungen.\" \/>\n<meta property=\"og:url\" content=\"https:\/\/www.cofe.at\/index.php\/agb\/\" \/>\n<meta property=\"og:site_name\" content=\"CoFe e.U.\" \/>\n<meta property=\"article:modified_time\" content=\"2024-12-03T10:37:25+00:00\" \/>\n<meta name=\"twitter:card\" content=\"summary_large_image\" \/>\n<meta name=\"twitter:label1\" content=\"Gesch\u00e4tzte Lesezeit\" \/>\n\t<meta name=\"twitter:data1\" content=\"9 Minuten\" \/>\n<script type=\"application\/ld+json\" class=\"yoast-schema-graph\">{\"@context\":\"https:\\\/\\\/schema.org\",\"@graph\":[{\"@type\":\"WebPage\",\"@id\":\"https:\\\/\\\/www.cofe.at\\\/index.php\\\/agb\\\/\",\"url\":\"https:\\\/\\\/www.cofe.at\\\/index.php\\\/agb\\\/\",\"name\":\"Allgemeine Gesch\u00e4ftsbedingungen - CoFe e.U.\",\"isPartOf\":{\"@id\":\"https:\\\/\\\/www.cofe.at\\\/#website\"},\"datePublished\":\"2024-11-20T10:55:58+00:00\",\"dateModified\":\"2024-12-03T10:37:25+00:00\",\"description\":\"Hier finden Sie die vollst\u00e4ndigen Allgemeinen Gesch\u00e4ftsbedingungen (AGB) von CoFe e.U.. Transparent, verst\u00e4ndlich und rechtssicher \u2013 informieren Sie sich \u00fcber unsere Vertragsbedingungen.\",\"breadcrumb\":{\"@id\":\"https:\\\/\\\/www.cofe.at\\\/index.php\\\/agb\\\/#breadcrumb\"},\"inLanguage\":\"de-AT\",\"potentialAction\":[{\"@type\":\"ReadAction\",\"target\":[\"https:\\\/\\\/www.cofe.at\\\/index.php\\\/agb\\\/\"]}]},{\"@type\":\"BreadcrumbList\",\"@id\":\"https:\\\/\\\/www.cofe.at\\\/index.php\\\/agb\\\/#breadcrumb\",\"itemListElement\":[{\"@type\":\"ListItem\",\"position\":1,\"name\":\"Startseite\",\"item\":\"https:\\\/\\\/www.cofe.at\\\/\"},{\"@type\":\"ListItem\",\"position\":2,\"name\":\"Allgemeine Gesch\u00e4ftsbedingungen\"}]},{\"@type\":\"WebSite\",\"@id\":\"https:\\\/\\\/www.cofe.at\\\/#website\",\"url\":\"https:\\\/\\\/www.cofe.at\\\/\",\"name\":\"CoFe e.U.\",\"description\":\"Consulting - Coaching - Computing\",\"publisher\":{\"@id\":\"https:\\\/\\\/www.cofe.at\\\/#organization\"},\"potentialAction\":[{\"@type\":\"SearchAction\",\"target\":{\"@type\":\"EntryPoint\",\"urlTemplate\":\"https:\\\/\\\/www.cofe.at\\\/?s={search_term_string}\"},\"query-input\":{\"@type\":\"PropertyValueSpecification\",\"valueRequired\":true,\"valueName\":\"search_term_string\"}}],\"inLanguage\":\"de-AT\"},{\"@type\":\"Organization\",\"@id\":\"https:\\\/\\\/www.cofe.at\\\/#organization\",\"name\":\"CoFe e.U.\",\"url\":\"https:\\\/\\\/www.cofe.at\\\/\",\"logo\":{\"@type\":\"ImageObject\",\"inLanguage\":\"de-AT\",\"@id\":\"https:\\\/\\\/www.cofe.at\\\/#\\\/schema\\\/logo\\\/image\\\/\",\"url\":\"https:\\\/\\\/www.cofe.at\\\/wp-content\\\/uploads\\\/2024\\\/11\\\/CoFe_Logo_ohneText_blau-bbfff2.svg\",\"contentUrl\":\"https:\\\/\\\/www.cofe.at\\\/wp-content\\\/uploads\\\/2024\\\/11\\\/CoFe_Logo_ohneText_blau-bbfff2.svg\",\"width\":100,\"height\":100,\"caption\":\"CoFe e.U.\"},\"image\":{\"@id\":\"https:\\\/\\\/www.cofe.at\\\/#\\\/schema\\\/logo\\\/image\\\/\"},\"sameAs\":[\"https:\\\/\\\/www.xing.com\\\/pages\\\/cofe-e-u\",\"https:\\\/\\\/www.linkedin.com\\\/company\\\/103912604\"]}]}<\/script>\n<!-- \/ Yoast SEO plugin. -->","yoast_head_json":{"title":"Allgemeine Gesch\u00e4ftsbedingungen - CoFe e.U.","description":"Hier finden Sie die vollst\u00e4ndigen Allgemeinen Gesch\u00e4ftsbedingungen (AGB) von CoFe e.U.. Transparent, verst\u00e4ndlich und rechtssicher \u2013 informieren Sie sich \u00fcber unsere Vertragsbedingungen.","robots":{"index":"index","follow":"follow","max-snippet":"max-snippet:-1","max-image-preview":"max-image-preview:large","max-video-preview":"max-video-preview:-1"},"canonical":"https:\/\/www.cofe.at\/index.php\/agb\/","og_locale":"de_DE","og_type":"article","og_title":"Allgemeine Gesch\u00e4ftsbedingungen - CoFe e.U.","og_description":"Hier finden Sie die vollst\u00e4ndigen Allgemeinen Gesch\u00e4ftsbedingungen (AGB) von CoFe e.U.. Transparent, verst\u00e4ndlich und rechtssicher \u2013 informieren Sie sich \u00fcber unsere Vertragsbedingungen.","og_url":"https:\/\/www.cofe.at\/index.php\/agb\/","og_site_name":"CoFe e.U.","article_modified_time":"2024-12-03T10:37:25+00:00","twitter_card":"summary_large_image","twitter_misc":{"Gesch\u00e4tzte Lesezeit":"9 Minuten"},"schema":{"@context":"https:\/\/schema.org","@graph":[{"@type":"WebPage","@id":"https:\/\/www.cofe.at\/index.php\/agb\/","url":"https:\/\/www.cofe.at\/index.php\/agb\/","name":"Allgemeine Gesch\u00e4ftsbedingungen - CoFe e.U.","isPartOf":{"@id":"https:\/\/www.cofe.at\/#website"},"datePublished":"2024-11-20T10:55:58+00:00","dateModified":"2024-12-03T10:37:25+00:00","description":"Hier finden Sie die vollst\u00e4ndigen Allgemeinen Gesch\u00e4ftsbedingungen (AGB) von CoFe e.U.. Transparent, verst\u00e4ndlich und rechtssicher \u2013 informieren Sie sich \u00fcber unsere Vertragsbedingungen.","breadcrumb":{"@id":"https:\/\/www.cofe.at\/index.php\/agb\/#breadcrumb"},"inLanguage":"de-AT","potentialAction":[{"@type":"ReadAction","target":["https:\/\/www.cofe.at\/index.php\/agb\/"]}]},{"@type":"BreadcrumbList","@id":"https:\/\/www.cofe.at\/index.php\/agb\/#breadcrumb","itemListElement":[{"@type":"ListItem","position":1,"name":"Startseite","item":"https:\/\/www.cofe.at\/"},{"@type":"ListItem","position":2,"name":"Allgemeine Gesch\u00e4ftsbedingungen"}]},{"@type":"WebSite","@id":"https:\/\/www.cofe.at\/#website","url":"https:\/\/www.cofe.at\/","name":"CoFe e.U.","description":"Consulting - Coaching - Computing","publisher":{"@id":"https:\/\/www.cofe.at\/#organization"},"potentialAction":[{"@type":"SearchAction","target":{"@type":"EntryPoint","urlTemplate":"https:\/\/www.cofe.at\/?s={search_term_string}"},"query-input":{"@type":"PropertyValueSpecification","valueRequired":true,"valueName":"search_term_string"}}],"inLanguage":"de-AT"},{"@type":"Organization","@id":"https:\/\/www.cofe.at\/#organization","name":"CoFe e.U.","url":"https:\/\/www.cofe.at\/","logo":{"@type":"ImageObject","inLanguage":"de-AT","@id":"https:\/\/www.cofe.at\/#\/schema\/logo\/image\/","url":"https:\/\/www.cofe.at\/wp-content\/uploads\/2024\/11\/CoFe_Logo_ohneText_blau-bbfff2.svg","contentUrl":"https:\/\/www.cofe.at\/wp-content\/uploads\/2024\/11\/CoFe_Logo_ohneText_blau-bbfff2.svg","width":100,"height":100,"caption":"CoFe e.U."},"image":{"@id":"https:\/\/www.cofe.at\/#\/schema\/logo\/image\/"},"sameAs":["https:\/\/www.xing.com\/pages\/cofe-e-u","https:\/\/www.linkedin.com\/company\/103912604"]}]}},"_links":{"self":[{"href":"https:\/\/www.cofe.at\/index.php\/wp-json\/wp\/v2\/pages\/106","targetHints":{"allow":["GET"]}}],"collection":[{"href":"https:\/\/www.cofe.at\/index.php\/wp-json\/wp\/v2\/pages"}],"about":[{"href":"https:\/\/www.cofe.at\/index.php\/wp-json\/wp\/v2\/types\/page"}],"author":[{"embeddable":true,"href":"https:\/\/www.cofe.at\/index.php\/wp-json\/wp\/v2\/users\/1"}],"replies":[{"embeddable":true,"href":"https:\/\/www.cofe.at\/index.php\/wp-json\/wp\/v2\/comments?post=106"}],"version-history":[{"count":3,"href":"https:\/\/www.cofe.at\/index.php\/wp-json\/wp\/v2\/pages\/106\/revisions"}],"predecessor-version":[{"id":881,"href":"https:\/\/www.cofe.at\/index.php\/wp-json\/wp\/v2\/pages\/106\/revisions\/881"}],"wp:attachment":[{"href":"https:\/\/www.cofe.at\/index.php\/wp-json\/wp\/v2\/media?parent=106"}],"curies":[{"name":"wp","href":"https:\/\/api.w.org\/{rel}","templated":true}]}}