{"id":1207,"date":"2024-11-30T14:38:20","date_gmt":"2024-11-30T13:38:20","guid":{"rendered":"https:\/\/www.cofe.at\/consulting\/?page_id=1207"},"modified":"2025-12-10T20:28:58","modified_gmt":"2025-12-10T19:28:58","slug":"brigitte-felber","status":"publish","type":"page","link":"https:\/\/www.cofe.at\/index.php\/uber-uns\/brigitte-felber\/","title":{"rendered":"Brigitte Felber"},"content":{"rendered":"\n<div class=\"wp-block-columns is-layout-flex wp-container-core-columns-is-layout-9d6595d7 wp-block-columns-is-layout-flex\">\n<div class=\"wp-block-column is-layout-flow wp-block-column-is-layout-flow\">\n<figure class=\"wp-block-video\"><video height=\"2160\" style=\"aspect-ratio: 3840 \/ 2160;\" width=\"3840\" autoplay muted src=\"https:\/\/www.cofe.at\/wp-content\/uploads\/2024\/11\/KSR30069_2.mp4\" playsinline><\/video><\/figure>\n<\/div>\n<\/div>\n\n\n\n<p class=\"has-medium-font-size\" style=\"font-style:normal;font-weight:700\"><strong>Diese Erfahrung bringe ich mit:<\/strong><\/p>\n\n\n\n<ul class=\"wp-block-list\">\n<li>Ingenieurin (mit Ausbildungsschwerpunkt Energietechnik und Industrielle Elektronik)<\/li>\n\n\n\n<li>Reife- und Diplompr\u00fcfung an der Handelsakademie (mit Ausbildungsschwerpunkt Marketing und internationale Gesch\u00e4ftst\u00e4tigkeit sowie Controlling)<\/li>\n\n\n\n<li>\u00fcber 12 Jahre Erfahrung als technische (Projekt)Eink\u00e4uferin in der Automotive und Non-Automotive Branche<\/li>\n<\/ul>\n\n\n\n<p class=\"has-medium-font-size\" style=\"font-style:normal;font-weight:700\"><strong>Meine besonderen F\u00e4higkeiten:<\/strong><\/p>\n\n\n\n<ul class=\"wp-block-list\">\n<li>zertifizierte Expertin f\u00fcr Beschaffung, Disposition und Einkaufsmanagement einschlie\u00dflich Controlling, Vertragsrecht, \u00d6kologie und Qualit\u00e4t<\/li>\n\n\n\n<li>\u00d6VQ-Zertifizierung zum Thema &#8222;Gew\u00e4hrleistung und Produkthaftung aus Sicht des Einkaufs&#8220;<\/li>\n\n\n\n<li>fachkundige Selbstversorgerin mit &#8222;Natur im Garten&#8220; Plakette<\/li>\n\n\n\n<li>Transformationsbegleiterin der Akademie f\u00fcr Nachhaltigkeit<\/li>\n\n\n\n<li>LCA&nbsp;und Carbon Footprinting<\/li>\n\n\n\n<li>Life Cycle Assessment und Bilanzierung von CO<sub>2<\/sub>-\u00c4quivalenten<\/li>\n\n\n\n<li>Diplomierter Inklusiver Klimaschutz-Coach<\/li>\n<\/ul>\n\n\n\n<p class=\"has-medium-font-size\" style=\"font-style:normal;font-weight:700\"><strong><strong>Um stets am Puls der Zeit zu sein, bin ich derzeit in Ausbildung<\/strong><\/strong><\/p>\n\n\n\n<ul class=\"wp-block-list\">\n<li>zum Thema Sortenerhaltung<\/li>\n\n\n\n<li>zum Thema Anwendung generativer KI-Tools im Arbeitskontext<\/li>\n<\/ul>\n\n\n\n<p class=\"has-medium-font-size\" style=\"font-style:normal;font-weight:700\"><strong><strong>Ich brenne f\u00fcr CoFe, weil &#8230;<\/strong><\/strong><\/p>\n\n\n\n<p>\u2026 ich gerne mit meinem Mann \u00fcber aktuelle Themen\/Herausforderungen diskutiere und wir als Team bei der L\u00f6sungsfindung einfach perfekt harmonieren.<\/p>\n\n\n\n<p><\/p>\n","protected":false},"excerpt":{"rendered":"<p>Diese Erfahrung bringe ich mit: Meine besonderen F\u00e4higkeiten: Um stets am Puls der Zeit zu sein, bin ich derzeit in Ausbildung Ich brenne f\u00fcr CoFe, weil &#8230; \u2026 ich gerne mit meinem Mann \u00fcber aktuelle Themen\/Herausforderungen diskutiere und wir als Team bei der L\u00f6sungsfindung einfach perfekt harmonieren.<\/p>\n","protected":false},"author":1,"featured_media":0,"parent":119,"menu_order":0,"comment_status":"closed","ping_status":"closed","template":"","meta":{"_eb_attr":"","_themeisle_gutenberg_block_has_review":false,"footnotes":""},"class_list":["post-1207","page","type-page","status-publish","hentry"],"yoast_head":"<!-- This site is optimized with the Yoast SEO plugin v27.5 - https:\/\/yoast.com\/product\/yoast-seo-wordpress\/ -->\n<title>Brigitte Felber - CoFe e.U.<\/title>\n<meta name=\"description\" content=\"Lernen Sie unsere talentierten Mitarbeiter kennen! Entdecken Sie die Fachkompetenz und das Engagement unseres Teams, das mit Leidenschaft an der Umsetzung innovativer L\u00f6sungen arbeitet.\" \/>\n<meta name=\"robots\" content=\"index, follow, max-snippet:-1, max-image-preview:large, max-video-preview:-1\" \/>\n<link rel=\"canonical\" href=\"https:\/\/www.cofe.at\/index.php\/uber-uns\/brigitte-felber\/\" \/>\n<meta property=\"og:locale\" content=\"de_DE\" \/>\n<meta property=\"og:type\" content=\"article\" \/>\n<meta property=\"og:title\" content=\"Brigitte Felber - CoFe e.U.\" \/>\n<meta property=\"og:description\" content=\"Lernen Sie unsere talentierten Mitarbeiter kennen! Entdecken Sie die Fachkompetenz und das Engagement unseres Teams, das mit Leidenschaft an der Umsetzung innovativer L\u00f6sungen arbeitet.\" \/>\n<meta property=\"og:url\" content=\"https:\/\/www.cofe.at\/index.php\/uber-uns\/brigitte-felber\/\" \/>\n<meta property=\"og:site_name\" content=\"CoFe e.U.\" \/>\n<meta property=\"article:modified_time\" content=\"2025-12-10T19:28:58+00:00\" \/>\n<meta name=\"twitter:card\" content=\"summary_large_image\" \/>\n<meta name=\"twitter:label1\" content=\"Gesch\u00e4tzte Lesezeit\" \/>\n\t<meta name=\"twitter:data1\" content=\"1 Minute\" \/>\n<script type=\"application\/ld+json\" class=\"yoast-schema-graph\">{\"@context\":\"https:\\\/\\\/schema.org\",\"@graph\":[{\"@type\":\"WebPage\",\"@id\":\"https:\\\/\\\/www.cofe.at\\\/index.php\\\/uber-uns\\\/brigitte-felber\\\/\",\"url\":\"https:\\\/\\\/www.cofe.at\\\/index.php\\\/uber-uns\\\/brigitte-felber\\\/\",\"name\":\"Brigitte Felber - CoFe e.U.\",\"isPartOf\":{\"@id\":\"https:\\\/\\\/www.cofe.at\\\/#website\"},\"datePublished\":\"2024-11-30T13:38:20+00:00\",\"dateModified\":\"2025-12-10T19:28:58+00:00\",\"description\":\"Lernen Sie unsere talentierten Mitarbeiter kennen! Entdecken Sie die Fachkompetenz und das Engagement unseres Teams, das mit Leidenschaft an der Umsetzung innovativer L\u00f6sungen arbeitet.\",\"breadcrumb\":{\"@id\":\"https:\\\/\\\/www.cofe.at\\\/index.php\\\/uber-uns\\\/brigitte-felber\\\/#breadcrumb\"},\"inLanguage\":\"de-AT\",\"potentialAction\":[{\"@type\":\"ReadAction\",\"target\":[\"https:\\\/\\\/www.cofe.at\\\/index.php\\\/uber-uns\\\/brigitte-felber\\\/\"]}]},{\"@type\":\"BreadcrumbList\",\"@id\":\"https:\\\/\\\/www.cofe.at\\\/index.php\\\/uber-uns\\\/brigitte-felber\\\/#breadcrumb\",\"itemListElement\":[{\"@type\":\"ListItem\",\"position\":1,\"name\":\"Startseite\",\"item\":\"https:\\\/\\\/www.cofe.at\\\/\"},{\"@type\":\"ListItem\",\"position\":2,\"name\":\"\u00dcber uns\",\"item\":\"https:\\\/\\\/www.cofe.at\\\/index.php\\\/uber-uns\\\/\"},{\"@type\":\"ListItem\",\"position\":3,\"name\":\"Brigitte Felber\"}]},{\"@type\":\"WebSite\",\"@id\":\"https:\\\/\\\/www.cofe.at\\\/#website\",\"url\":\"https:\\\/\\\/www.cofe.at\\\/\",\"name\":\"CoFe e.U.\",\"description\":\"Consulting - Coaching - Computing\",\"publisher\":{\"@id\":\"https:\\\/\\\/www.cofe.at\\\/#organization\"},\"potentialAction\":[{\"@type\":\"SearchAction\",\"target\":{\"@type\":\"EntryPoint\",\"urlTemplate\":\"https:\\\/\\\/www.cofe.at\\\/?s={search_term_string}\"},\"query-input\":{\"@type\":\"PropertyValueSpecification\",\"valueRequired\":true,\"valueName\":\"search_term_string\"}}],\"inLanguage\":\"de-AT\"},{\"@type\":\"Organization\",\"@id\":\"https:\\\/\\\/www.cofe.at\\\/#organization\",\"name\":\"CoFe e.U.\",\"url\":\"https:\\\/\\\/www.cofe.at\\\/\",\"logo\":{\"@type\":\"ImageObject\",\"inLanguage\":\"de-AT\",\"@id\":\"https:\\\/\\\/www.cofe.at\\\/#\\\/schema\\\/logo\\\/image\\\/\",\"url\":\"https:\\\/\\\/www.cofe.at\\\/wp-content\\\/uploads\\\/2024\\\/11\\\/CoFe_Logo_ohneText_blau-bbfff2.svg\",\"contentUrl\":\"https:\\\/\\\/www.cofe.at\\\/wp-content\\\/uploads\\\/2024\\\/11\\\/CoFe_Logo_ohneText_blau-bbfff2.svg\",\"width\":100,\"height\":100,\"caption\":\"CoFe e.U.\"},\"image\":{\"@id\":\"https:\\\/\\\/www.cofe.at\\\/#\\\/schema\\\/logo\\\/image\\\/\"},\"sameAs\":[\"https:\\\/\\\/www.xing.com\\\/pages\\\/cofe-e-u\",\"https:\\\/\\\/www.linkedin.com\\\/company\\\/103912604\"]}]}<\/script>\n<!-- \/ Yoast SEO plugin. -->","yoast_head_json":{"title":"Brigitte Felber - CoFe e.U.","description":"Lernen Sie unsere talentierten Mitarbeiter kennen! Entdecken Sie die Fachkompetenz und das Engagement unseres Teams, das mit Leidenschaft an der Umsetzung innovativer L\u00f6sungen arbeitet.","robots":{"index":"index","follow":"follow","max-snippet":"max-snippet:-1","max-image-preview":"max-image-preview:large","max-video-preview":"max-video-preview:-1"},"canonical":"https:\/\/www.cofe.at\/index.php\/uber-uns\/brigitte-felber\/","og_locale":"de_DE","og_type":"article","og_title":"Brigitte Felber - CoFe e.U.","og_description":"Lernen Sie unsere talentierten Mitarbeiter kennen! Entdecken Sie die Fachkompetenz und das Engagement unseres Teams, das mit Leidenschaft an der Umsetzung innovativer L\u00f6sungen arbeitet.","og_url":"https:\/\/www.cofe.at\/index.php\/uber-uns\/brigitte-felber\/","og_site_name":"CoFe e.U.","article_modified_time":"2025-12-10T19:28:58+00:00","twitter_card":"summary_large_image","twitter_misc":{"Gesch\u00e4tzte Lesezeit":"1 Minute"},"schema":{"@context":"https:\/\/schema.org","@graph":[{"@type":"WebPage","@id":"https:\/\/www.cofe.at\/index.php\/uber-uns\/brigitte-felber\/","url":"https:\/\/www.cofe.at\/index.php\/uber-uns\/brigitte-felber\/","name":"Brigitte Felber - CoFe e.U.","isPartOf":{"@id":"https:\/\/www.cofe.at\/#website"},"datePublished":"2024-11-30T13:38:20+00:00","dateModified":"2025-12-10T19:28:58+00:00","description":"Lernen Sie unsere talentierten Mitarbeiter kennen! Entdecken Sie die Fachkompetenz und das Engagement unseres Teams, das mit Leidenschaft an der Umsetzung innovativer L\u00f6sungen arbeitet.","breadcrumb":{"@id":"https:\/\/www.cofe.at\/index.php\/uber-uns\/brigitte-felber\/#breadcrumb"},"inLanguage":"de-AT","potentialAction":[{"@type":"ReadAction","target":["https:\/\/www.cofe.at\/index.php\/uber-uns\/brigitte-felber\/"]}]},{"@type":"BreadcrumbList","@id":"https:\/\/www.cofe.at\/index.php\/uber-uns\/brigitte-felber\/#breadcrumb","itemListElement":[{"@type":"ListItem","position":1,"name":"Startseite","item":"https:\/\/www.cofe.at\/"},{"@type":"ListItem","position":2,"name":"\u00dcber uns","item":"https:\/\/www.cofe.at\/index.php\/uber-uns\/"},{"@type":"ListItem","position":3,"name":"Brigitte Felber"}]},{"@type":"WebSite","@id":"https:\/\/www.cofe.at\/#website","url":"https:\/\/www.cofe.at\/","name":"CoFe e.U.","description":"Consulting - Coaching - Computing","publisher":{"@id":"https:\/\/www.cofe.at\/#organization"},"potentialAction":[{"@type":"SearchAction","target":{"@type":"EntryPoint","urlTemplate":"https:\/\/www.cofe.at\/?s={search_term_string}"},"query-input":{"@type":"PropertyValueSpecification","valueRequired":true,"valueName":"search_term_string"}}],"inLanguage":"de-AT"},{"@type":"Organization","@id":"https:\/\/www.cofe.at\/#organization","name":"CoFe e.U.","url":"https:\/\/www.cofe.at\/","logo":{"@type":"ImageObject","inLanguage":"de-AT","@id":"https:\/\/www.cofe.at\/#\/schema\/logo\/image\/","url":"https:\/\/www.cofe.at\/wp-content\/uploads\/2024\/11\/CoFe_Logo_ohneText_blau-bbfff2.svg","contentUrl":"https:\/\/www.cofe.at\/wp-content\/uploads\/2024\/11\/CoFe_Logo_ohneText_blau-bbfff2.svg","width":100,"height":100,"caption":"CoFe e.U."},"image":{"@id":"https:\/\/www.cofe.at\/#\/schema\/logo\/image\/"},"sameAs":["https:\/\/www.xing.com\/pages\/cofe-e-u","https:\/\/www.linkedin.com\/company\/103912604"]}]}},"_links":{"self":[{"href":"https:\/\/www.cofe.at\/index.php\/wp-json\/wp\/v2\/pages\/1207","targetHints":{"allow":["GET"]}}],"collection":[{"href":"https:\/\/www.cofe.at\/index.php\/wp-json\/wp\/v2\/pages"}],"about":[{"href":"https:\/\/www.cofe.at\/index.php\/wp-json\/wp\/v2\/types\/page"}],"author":[{"embeddable":true,"href":"https:\/\/www.cofe.at\/index.php\/wp-json\/wp\/v2\/users\/1"}],"replies":[{"embeddable":true,"href":"https:\/\/www.cofe.at\/index.php\/wp-json\/wp\/v2\/comments?post=1207"}],"version-history":[{"count":18,"href":"https:\/\/www.cofe.at\/index.php\/wp-json\/wp\/v2\/pages\/1207\/revisions"}],"predecessor-version":[{"id":2780,"href":"https:\/\/www.cofe.at\/index.php\/wp-json\/wp\/v2\/pages\/1207\/revisions\/2780"}],"up":[{"embeddable":true,"href":"https:\/\/www.cofe.at\/index.php\/wp-json\/wp\/v2\/pages\/119"}],"wp:attachment":[{"href":"https:\/\/www.cofe.at\/index.php\/wp-json\/wp\/v2\/media?parent=1207"}],"curies":[{"name":"wp","href":"https:\/\/api.w.org\/{rel}","templated":true}]}}