{"id":121,"date":"2024-11-20T12:15:22","date_gmt":"2024-11-20T11:15:22","guid":{"rendered":"http:\/\/www.cofe.at\/consulting\/?page_id=121"},"modified":"2025-12-22T17:16:39","modified_gmt":"2025-12-22T16:16:39","slug":"andreas-felber","status":"publish","type":"page","link":"https:\/\/www.cofe.at\/index.php\/uber-uns\/andreas-felber\/","title":{"rendered":"Andreas Felber"},"content":{"rendered":"\n<figure class=\"wp-block-video\"><video autoplay muted src=\"https:\/\/www.cofe.at\/wp-content\/uploads\/2024\/11\/KSR30028_2.mp4\" playsinline><\/video><\/figure>\n\n\n\n<p class=\"has-medium-font-size\" style=\"font-style:normal;font-weight:700\"><strong>Diese Erfahrung bringe ich mit:<\/strong><\/p>\n\n\n\n<ul class=\"wp-block-list\">\n<li>Diplom-Wirtschaftsingenieur (Ausbildungsschwerpunkt Betriebsmanagement)<\/li>\n\n\n\n<li>\u00fcber 22 Jahre Erfahrung im industriellen Umfeld in der Automotive und Non-Automotive Branche&nbsp;<em>(Produktionsplanung und Steuerung, Prozessentwicklung, Lieferantenentwicklung, Beschaffung, Produktion und Instandhaltung, Cost Engineering, Lean Management und kontinuierliche Verbesserung, Qualit\u00e4tsmanagement \u2026)<\/em><\/li>\n\n\n\n<li>nationales und internationales Umfeld<\/li>\n<\/ul>\n\n\n\n<p class=\"has-medium-font-size\" style=\"font-style:normal;font-weight:700\"><strong>Meine besonderen F\u00e4higkeiten:<\/strong><\/p>\n\n\n\n<ul class=\"wp-block-list\">\n<li>Lead Auditor Managementsysteme\n<ul class=\"wp-block-list\">\n<li>ISO 9001: Qualit\u00e4tsmanagement<\/li>\n\n\n\n<li>ISO 14001: Umweltmanagement<\/li>\n\n\n\n<li>ISO 45001: Arbeitssicherheit- und Gesundheitsschutzmanagement<\/li>\n\n\n\n<li>ISO 50001: Energiemanagement<\/li>\n\n\n\n<li>ISO 22301: Business continuity management systems<\/li>\n\n\n\n<li>ISO 31000: Risk Management<\/li>\n\n\n\n<li>\u00d6NORM D 4901: Risikomanagement<\/li>\n\n\n\n<li>EU ETS2 Pr\u00fcfer (Validierung &amp; Verifizierung)<\/li>\n\n\n\n<li>ISO 14064-1: Treibhausgasemissionen und Entzug von Treibhausgasen auf Organisationsebene<\/li>\n\n\n\n<li>ISO 14064-2: Treibhausgasemissionen und Entzug von Treibhausgasen auf Projektebene<\/li>\n\n\n\n<li>ISO 14067: Quantifizierung des Carbon Footprints (CFP) von Produkten<\/li>\n\n\n\n<li>NEHG: Nationales Emissionszertifikatehandelsgesetz<\/li>\n<\/ul>\n<\/li>\n\n\n\n<li>Systemmanager Umwelt (ISO 14001)<\/li>\n\n\n\n<li>Systemmanager Arbeitssicherheit (ISO 45001)<\/li>\n\n\n\n<li>Systemmanager Energiemanagement (ISO 50001)<\/li>\n\n\n\n<li>Systemmanager Risikomanagement (ISO 31000)<\/li>\n\n\n\n<li>Systemmanager Business Continuity Management (ISO 22301)<\/li>\n\n\n\n<li>zertifizierter 1st\/2nd Party Systemauditor einschlie\u00dflich Automotive<\/li>\n\n\n\n<li>zertifizierter 1st\/2nd Party Prozess Auditor Automotive (VDA6.3)<\/li>\n\n\n\n<li>zertifizierter Six Sigma Black Belt<\/li>\n\n\n\n<li>gepr\u00fcfter Abfallbeauftragter<\/li>\n\n\n\n<li>zertifizierter Produktsicherheits- und Konformit\u00e4tsbeauftragter (PSCR)<\/li>\n\n\n\n<li>Mitglied bei Austrian Standard Institute\n<ul class=\"wp-block-list\">\n<li>Komitee 129: Qualit\u00e4tsmanagementsysteme und Business-Excellence<\/li>\n\n\n\n<li>Komitee 226: Instrumente f\u00fcr das Umweltmanagement<\/li>\n\n\n\n<li>Komitee 251: Corporate Social Responsibility<\/li>\n\n\n\n<li>Komitee 259: Unternehmensberatung<\/li>\n<\/ul>\n<\/li>\n\n\n\n<li>Nachhaltigkeitsberichterstattung, EU-Taxonomie\n<ul class=\"wp-block-list\">\n<li>Durchf\u00fchren der Doppelten Wesentlichkeitsanalyse<\/li>\n\n\n\n<li>Integrierte Managementsysteme nutzen f\u00fcr Nachhaltigkeitsberichterstattung<\/li>\n\n\n\n<li>Verbesserung der Umweltleistung oder der energiebezogenen Leistung<\/li>\n<\/ul>\n<\/li>\n\n\n\n<li>Netzwerkparnter Quality Austria<\/li>\n\n\n\n<li>KEM Manager Region Sch\u00f6cklland<\/li>\n\n\n\n<li>WIN Berater (Wirtschaftsinitiative Nachhaltige Steiermark)<\/li>\n\n\n\n<li>Transformationsbegleiter der Akademie f\u00fcr Nachhaltigkeit<\/li>\n\n\n\n<li>Life Cycle Assessment und Bilanzierung von CO<sub>2<\/sub>-\u00c4quivalenten<\/li>\n\n\n\n<li>Diplomierter Inklusiver Klimaschutz-Coach<\/li>\n<\/ul>\n\n\n\n<p class=\"has-medium-font-size\" style=\"font-style:normal;font-weight:700\"><strong><strong>Um stets am Puls der Zeit zu sein, bin ich derzeit in Ausbildung<\/strong><\/strong><\/p>\n\n\n\n<ul class=\"wp-block-list\">\n<li>zum Thema Energieberatung<\/li>\n<\/ul>\n\n\n\n<p class=\"has-medium-font-size\" style=\"font-style:normal;font-weight:700\"><strong><strong>Ich brenne f\u00fcr CoFe, weil &#8230;<\/strong><\/strong><\/p>\n\n\n\n<p>\u2026 ich gerne neue Herausforderungen und Aufgaben suche, damit ich mein Wissen einbringen kann und dieses Wissen auch so vielen wie m\u00f6glich zug\u00e4nglich machen m\u00f6chte.<\/p>\n\n\n\n<p><\/p>\n","protected":false},"excerpt":{"rendered":"<p>Diese Erfahrung bringe ich mit: Meine besonderen F\u00e4higkeiten: Um stets am Puls der Zeit zu sein, bin ich derzeit in Ausbildung Ich brenne f\u00fcr CoFe, weil &#8230; \u2026 ich gerne neue Herausforderungen und Aufgaben suche, damit ich mein Wissen einbringen kann und dieses Wissen auch so vielen wie m\u00f6glich zug\u00e4nglich machen m\u00f6chte.<\/p>\n","protected":false},"author":1,"featured_media":0,"parent":119,"menu_order":0,"comment_status":"closed","ping_status":"closed","template":"","meta":{"_eb_attr":"","_themeisle_gutenberg_block_has_review":false,"footnotes":""},"class_list":["post-121","page","type-page","status-publish","hentry"],"yoast_head":"<!-- This site is optimized with the Yoast SEO plugin v27.3 - https:\/\/yoast.com\/product\/yoast-seo-wordpress\/ -->\n<title>Andreas Felber - CoFe e.U.<\/title>\n<meta name=\"description\" content=\"Lernen Sie unsere talentierten Mitarbeiter kennen! Entdecken Sie die Fachkompetenz und das Engagement unseres Teams, das mit Leidenschaft an der Umsetzung innovativer L\u00f6sungen arbeitet.\" \/>\n<meta name=\"robots\" content=\"index, follow, max-snippet:-1, max-image-preview:large, max-video-preview:-1\" \/>\n<link rel=\"canonical\" href=\"https:\/\/www.cofe.at\/index.php\/uber-uns\/andreas-felber\/\" \/>\n<meta property=\"og:locale\" content=\"de_DE\" \/>\n<meta property=\"og:type\" content=\"article\" \/>\n<meta property=\"og:title\" content=\"Andreas Felber - CoFe e.U.\" \/>\n<meta property=\"og:description\" content=\"Lernen Sie unsere talentierten Mitarbeiter kennen! Entdecken Sie die Fachkompetenz und das Engagement unseres Teams, das mit Leidenschaft an der Umsetzung innovativer L\u00f6sungen arbeitet.\" \/>\n<meta property=\"og:url\" content=\"https:\/\/www.cofe.at\/index.php\/uber-uns\/andreas-felber\/\" \/>\n<meta property=\"og:site_name\" content=\"CoFe e.U.\" \/>\n<meta property=\"article:modified_time\" content=\"2025-12-22T16:16:39+00:00\" \/>\n<meta name=\"twitter:card\" content=\"summary_large_image\" \/>\n<meta name=\"twitter:label1\" content=\"Gesch\u00e4tzte Lesezeit\" \/>\n\t<meta name=\"twitter:data1\" content=\"2 Minuten\" \/>\n<script type=\"application\/ld+json\" class=\"yoast-schema-graph\">{\"@context\":\"https:\\\/\\\/schema.org\",\"@graph\":[{\"@type\":\"WebPage\",\"@id\":\"https:\\\/\\\/www.cofe.at\\\/index.php\\\/uber-uns\\\/andreas-felber\\\/\",\"url\":\"https:\\\/\\\/www.cofe.at\\\/index.php\\\/uber-uns\\\/andreas-felber\\\/\",\"name\":\"Andreas Felber - CoFe e.U.\",\"isPartOf\":{\"@id\":\"https:\\\/\\\/www.cofe.at\\\/#website\"},\"datePublished\":\"2024-11-20T11:15:22+00:00\",\"dateModified\":\"2025-12-22T16:16:39+00:00\",\"description\":\"Lernen Sie unsere talentierten Mitarbeiter kennen! Entdecken Sie die Fachkompetenz und das Engagement unseres Teams, das mit Leidenschaft an der Umsetzung innovativer L\u00f6sungen arbeitet.\",\"breadcrumb\":{\"@id\":\"https:\\\/\\\/www.cofe.at\\\/index.php\\\/uber-uns\\\/andreas-felber\\\/#breadcrumb\"},\"inLanguage\":\"de-AT\",\"potentialAction\":[{\"@type\":\"ReadAction\",\"target\":[\"https:\\\/\\\/www.cofe.at\\\/index.php\\\/uber-uns\\\/andreas-felber\\\/\"]}]},{\"@type\":\"BreadcrumbList\",\"@id\":\"https:\\\/\\\/www.cofe.at\\\/index.php\\\/uber-uns\\\/andreas-felber\\\/#breadcrumb\",\"itemListElement\":[{\"@type\":\"ListItem\",\"position\":1,\"name\":\"Startseite\",\"item\":\"https:\\\/\\\/www.cofe.at\\\/\"},{\"@type\":\"ListItem\",\"position\":2,\"name\":\"\u00dcber uns\",\"item\":\"https:\\\/\\\/www.cofe.at\\\/index.php\\\/uber-uns\\\/\"},{\"@type\":\"ListItem\",\"position\":3,\"name\":\"Andreas Felber\"}]},{\"@type\":\"WebSite\",\"@id\":\"https:\\\/\\\/www.cofe.at\\\/#website\",\"url\":\"https:\\\/\\\/www.cofe.at\\\/\",\"name\":\"CoFe e.U.\",\"description\":\"Consulting - Coaching - Computing\",\"publisher\":{\"@id\":\"https:\\\/\\\/www.cofe.at\\\/#organization\"},\"potentialAction\":[{\"@type\":\"SearchAction\",\"target\":{\"@type\":\"EntryPoint\",\"urlTemplate\":\"https:\\\/\\\/www.cofe.at\\\/?s={search_term_string}\"},\"query-input\":{\"@type\":\"PropertyValueSpecification\",\"valueRequired\":true,\"valueName\":\"search_term_string\"}}],\"inLanguage\":\"de-AT\"},{\"@type\":\"Organization\",\"@id\":\"https:\\\/\\\/www.cofe.at\\\/#organization\",\"name\":\"CoFe e.U.\",\"url\":\"https:\\\/\\\/www.cofe.at\\\/\",\"logo\":{\"@type\":\"ImageObject\",\"inLanguage\":\"de-AT\",\"@id\":\"https:\\\/\\\/www.cofe.at\\\/#\\\/schema\\\/logo\\\/image\\\/\",\"url\":\"https:\\\/\\\/www.cofe.at\\\/wp-content\\\/uploads\\\/2024\\\/11\\\/CoFe_Logo_ohneText_blau-bbfff2.svg\",\"contentUrl\":\"https:\\\/\\\/www.cofe.at\\\/wp-content\\\/uploads\\\/2024\\\/11\\\/CoFe_Logo_ohneText_blau-bbfff2.svg\",\"width\":100,\"height\":100,\"caption\":\"CoFe e.U.\"},\"image\":{\"@id\":\"https:\\\/\\\/www.cofe.at\\\/#\\\/schema\\\/logo\\\/image\\\/\"},\"sameAs\":[\"https:\\\/\\\/www.xing.com\\\/pages\\\/cofe-e-u\",\"https:\\\/\\\/www.linkedin.com\\\/company\\\/103912604\"]}]}<\/script>\n<!-- \/ Yoast SEO plugin. -->","yoast_head_json":{"title":"Andreas Felber - CoFe e.U.","description":"Lernen Sie unsere talentierten Mitarbeiter kennen! Entdecken Sie die Fachkompetenz und das Engagement unseres Teams, das mit Leidenschaft an der Umsetzung innovativer L\u00f6sungen arbeitet.","robots":{"index":"index","follow":"follow","max-snippet":"max-snippet:-1","max-image-preview":"max-image-preview:large","max-video-preview":"max-video-preview:-1"},"canonical":"https:\/\/www.cofe.at\/index.php\/uber-uns\/andreas-felber\/","og_locale":"de_DE","og_type":"article","og_title":"Andreas Felber - CoFe e.U.","og_description":"Lernen Sie unsere talentierten Mitarbeiter kennen! Entdecken Sie die Fachkompetenz und das Engagement unseres Teams, das mit Leidenschaft an der Umsetzung innovativer L\u00f6sungen arbeitet.","og_url":"https:\/\/www.cofe.at\/index.php\/uber-uns\/andreas-felber\/","og_site_name":"CoFe e.U.","article_modified_time":"2025-12-22T16:16:39+00:00","twitter_card":"summary_large_image","twitter_misc":{"Gesch\u00e4tzte Lesezeit":"2 Minuten"},"schema":{"@context":"https:\/\/schema.org","@graph":[{"@type":"WebPage","@id":"https:\/\/www.cofe.at\/index.php\/uber-uns\/andreas-felber\/","url":"https:\/\/www.cofe.at\/index.php\/uber-uns\/andreas-felber\/","name":"Andreas Felber - CoFe e.U.","isPartOf":{"@id":"https:\/\/www.cofe.at\/#website"},"datePublished":"2024-11-20T11:15:22+00:00","dateModified":"2025-12-22T16:16:39+00:00","description":"Lernen Sie unsere talentierten Mitarbeiter kennen! Entdecken Sie die Fachkompetenz und das Engagement unseres Teams, das mit Leidenschaft an der Umsetzung innovativer L\u00f6sungen arbeitet.","breadcrumb":{"@id":"https:\/\/www.cofe.at\/index.php\/uber-uns\/andreas-felber\/#breadcrumb"},"inLanguage":"de-AT","potentialAction":[{"@type":"ReadAction","target":["https:\/\/www.cofe.at\/index.php\/uber-uns\/andreas-felber\/"]}]},{"@type":"BreadcrumbList","@id":"https:\/\/www.cofe.at\/index.php\/uber-uns\/andreas-felber\/#breadcrumb","itemListElement":[{"@type":"ListItem","position":1,"name":"Startseite","item":"https:\/\/www.cofe.at\/"},{"@type":"ListItem","position":2,"name":"\u00dcber uns","item":"https:\/\/www.cofe.at\/index.php\/uber-uns\/"},{"@type":"ListItem","position":3,"name":"Andreas Felber"}]},{"@type":"WebSite","@id":"https:\/\/www.cofe.at\/#website","url":"https:\/\/www.cofe.at\/","name":"CoFe e.U.","description":"Consulting - Coaching - Computing","publisher":{"@id":"https:\/\/www.cofe.at\/#organization"},"potentialAction":[{"@type":"SearchAction","target":{"@type":"EntryPoint","urlTemplate":"https:\/\/www.cofe.at\/?s={search_term_string}"},"query-input":{"@type":"PropertyValueSpecification","valueRequired":true,"valueName":"search_term_string"}}],"inLanguage":"de-AT"},{"@type":"Organization","@id":"https:\/\/www.cofe.at\/#organization","name":"CoFe e.U.","url":"https:\/\/www.cofe.at\/","logo":{"@type":"ImageObject","inLanguage":"de-AT","@id":"https:\/\/www.cofe.at\/#\/schema\/logo\/image\/","url":"https:\/\/www.cofe.at\/wp-content\/uploads\/2024\/11\/CoFe_Logo_ohneText_blau-bbfff2.svg","contentUrl":"https:\/\/www.cofe.at\/wp-content\/uploads\/2024\/11\/CoFe_Logo_ohneText_blau-bbfff2.svg","width":100,"height":100,"caption":"CoFe e.U."},"image":{"@id":"https:\/\/www.cofe.at\/#\/schema\/logo\/image\/"},"sameAs":["https:\/\/www.xing.com\/pages\/cofe-e-u","https:\/\/www.linkedin.com\/company\/103912604"]}]}},"_links":{"self":[{"href":"https:\/\/www.cofe.at\/index.php\/wp-json\/wp\/v2\/pages\/121","targetHints":{"allow":["GET"]}}],"collection":[{"href":"https:\/\/www.cofe.at\/index.php\/wp-json\/wp\/v2\/pages"}],"about":[{"href":"https:\/\/www.cofe.at\/index.php\/wp-json\/wp\/v2\/types\/page"}],"author":[{"embeddable":true,"href":"https:\/\/www.cofe.at\/index.php\/wp-json\/wp\/v2\/users\/1"}],"replies":[{"embeddable":true,"href":"https:\/\/www.cofe.at\/index.php\/wp-json\/wp\/v2\/comments?post=121"}],"version-history":[{"count":42,"href":"https:\/\/www.cofe.at\/index.php\/wp-json\/wp\/v2\/pages\/121\/revisions"}],"predecessor-version":[{"id":2792,"href":"https:\/\/www.cofe.at\/index.php\/wp-json\/wp\/v2\/pages\/121\/revisions\/2792"}],"up":[{"embeddable":true,"href":"https:\/\/www.cofe.at\/index.php\/wp-json\/wp\/v2\/pages\/119"}],"wp:attachment":[{"href":"https:\/\/www.cofe.at\/index.php\/wp-json\/wp\/v2\/media?parent=121"}],"curies":[{"name":"wp","href":"https:\/\/api.w.org\/{rel}","templated":true}]}}