{"id":171,"date":"2024-11-20T18:49:23","date_gmt":"2024-11-20T17:49:23","guid":{"rendered":"http:\/\/www.cofe.at\/consulting\/?page_id=171"},"modified":"2025-12-22T08:54:20","modified_gmt":"2025-12-22T07:54:20","slug":"servicedienstleistungen","status":"publish","type":"page","link":"https:\/\/www.cofe.at\/index.php\/servicedienstleistungen\/","title":{"rendered":"Consulting"},"content":{"rendered":"\n<p>Aus der Mitte Europas weltweit flexibel!<br>Wir h\u00f6ren Ihnen gerne zu und nehmen uns Ihrer Schwachstellen\/Probleme an. <\/p>\n\n\n\n<p>Nicht nur Zeit ist Geld! Es gibt viele Bausteine, die man ver\u00e4ndern kann, um ans Ziel zu kommen.<br>Wir begleiten Sie w\u00e4hrend der L\u00f6sungsfindung, damit es wieder weiter nach oben geht!<\/p>\n\n\n\n<p>Auch haben wir ein Partner-B\u00fcro in Shenyang (China).<\/p>\n\n\n\n<div class=\"wp-block-columns is-layout-flex wp-container-core-columns-is-layout-9d6595d7 wp-block-columns-is-layout-flex\">\n<div class=\"wp-block-column is-layout-flow wp-block-column-is-layout-flow\">\n<div class=\"wp-block-essential-blocks-flipbox  root-eb-flipbox-11vao\"><div class=\"eb-parent-wrapper eb-parent-eb-flipbox-11vao \"><div class=\"eb-flipbox-container eb-flipbox-11vao eb-flipbox-align-center eb-hover-mode\" data-id=\"eb-flipbox-11vao\" data-flip-type=\"flip-left\" data-flip-mode=\"hover\"><div class=\"eb-flipper flip-left\"><div class=\"eb-flipbox-front\"><div class=\"eb-flipbox-items-container\"><div class=\"eb-flipbox-icon-wrapper\"><div class=\"eb-flipbox-front-image-container\"><div class=\"eb-image-wrapper\"><div class=\"eb-image-wrapper-inner eb-flipbox-front-image eb-img-style-rounded\"><img decoding=\"async\" src=\"https:\/\/www.cofe.at\/wp-content\/uploads\/Cons-Mana-105ad3.svg\" alt=\"\"\/><\/div><\/div><\/div><\/div><div class=\"eb-flipbox-front-title-wrapper\"><h3 class=\"eb-flipbox-front-title\">Managementsysteme<\/h3><\/div><\/div><\/div><div class=\"eb-flipbox-back\" onclick=\"window.location='https:\/\/www.cofe.at\/index.php\/servicedienstleistungen\/managementsysteme\/'\"><div class=\"eb-flipbox-items-container\"><div class=\"eb-flipbox-icon-wrapper\"><div class=\"eb-flipbox-back-image-container\"><div class=\"eb-image-wrapper\"><div class=\"eb-image-wrapper-inner eb-flipbox-back-image eb-img-style-rounded\"><img decoding=\"async\" src=\"https:\/\/www.cofe.at\/wp-content\/uploads\/Cons-Mana-105ad3.svg\" alt=\"\"\/><\/div><\/div><\/div><\/div><div class=\"eb-flipbox-back-content-wrapper\"><p class=\"eb-flipbox-back-content\">Integrierte Managementsysteme nach ISO und IATF<\/p><\/div><\/div><\/div><\/div><\/div><\/div><\/div>\n\n\n\n<div class=\"wp-block-essential-blocks-flipbox  root-eb-flipbox-llsrt\"><div class=\"eb-parent-wrapper eb-parent-eb-flipbox-llsrt \"><div class=\"eb-flipbox-container eb-flipbox-llsrt eb-flipbox-align-center eb-hover-mode\" data-id=\"eb-flipbox-llsrt\" data-flip-type=\"flip-left\" data-flip-mode=\"hover\"><div class=\"eb-flipper flip-left\"><div class=\"eb-flipbox-front\"><div class=\"eb-flipbox-items-container\"><div class=\"eb-flipbox-icon-wrapper\"><div class=\"eb-flipbox-front-image-container\"><div class=\"eb-image-wrapper\"><div class=\"eb-image-wrapper-inner eb-flipbox-front-image eb-img-style-rounded\"><img decoding=\"async\" src=\"https:\/\/www.cofe.at\/wp-content\/uploads\/Cons-Inte-1e38e6.svg\" alt=\"\"\/><\/div><\/div><\/div><\/div><div class=\"eb-flipbox-front-title-wrapper\"><h3 class=\"eb-flipbox-front-title\">Interimsmanagement<\/h3><\/div><\/div><\/div><div class=\"eb-flipbox-back\" onclick=\"window.location='https:\/\/www.cofe.at\/index.php\/servicedienstleistungen\/interimsmanagement\/'\"><div class=\"eb-flipbox-items-container\"><div class=\"eb-flipbox-icon-wrapper\"><div class=\"eb-flipbox-back-image-container\"><div class=\"eb-image-wrapper\"><div class=\"eb-image-wrapper-inner eb-flipbox-back-image eb-img-style-rounded\"><img decoding=\"async\" src=\"https:\/\/www.cofe.at\/wp-content\/uploads\/Cons-Inte-1e38e6.svg\" alt=\"\"\/><\/div><\/div><\/div><\/div><div class=\"eb-flipbox-back-content-wrapper\"><p class=\"eb-flipbox-back-content\">Qualit\u00e4tsmanagement, Task Force, Projektmanagement, Change Management, &#8230;<\/p><\/div><\/div><\/div><\/div><\/div><\/div><\/div>\n\n\n\n<div class=\"wp-block-essential-blocks-flipbox  root-eb-flipbox-vcocc\"><div class=\"eb-parent-wrapper eb-parent-eb-flipbox-vcocc \"><div class=\"eb-flipbox-container eb-flipbox-vcocc eb-flipbox-align-center eb-hover-mode\" data-id=\"eb-flipbox-vcocc\" data-flip-type=\"flip-left\" data-flip-mode=\"hover\"><div class=\"eb-flipper flip-left\"><div class=\"eb-flipbox-front\"><div class=\"eb-flipbox-items-container\"><div class=\"eb-flipbox-icon-wrapper\"><div class=\"eb-flipbox-front-image-container\"><div class=\"eb-image-wrapper\"><div class=\"eb-image-wrapper-inner eb-flipbox-front-image eb-img-style-rounded\"><img decoding=\"async\" src=\"https:\/\/www.cofe.at\/wp-content\/uploads\/Cons-Unte-e99e38.svg\" alt=\"\"\/><\/div><\/div><\/div><\/div><div class=\"eb-flipbox-front-title-wrapper\"><h3 class=\"eb-flipbox-front-title\">Unternehmens-organisation<\/h3><\/div><\/div><\/div><div class=\"eb-flipbox-back\" onclick=\"window.location='https:\/\/www.cofe.at\/index.php\/servicedienstleistungen\/unternehmensorganisation\/'\"><div class=\"eb-flipbox-items-container\"><div class=\"eb-flipbox-icon-wrapper\"><div class=\"eb-flipbox-back-image-container\"><div class=\"eb-image-wrapper\"><div class=\"eb-image-wrapper-inner eb-flipbox-back-image eb-img-style-rounded\"><img decoding=\"async\" src=\"https:\/\/www.cofe.at\/wp-content\/uploads\/Cons-Unte-e99e38.svg\" alt=\"\"\/><\/div><\/div><\/div><\/div><div class=\"eb-flipbox-back-content-wrapper\"><p class=\"eb-flipbox-back-content\">Gesch\u00e4ftsprozesse, Produktionssysteme, Zertifizierungen, &#8230;<\/p><\/div><\/div><\/div><\/div><\/div><\/div><\/div>\n<\/div>\n\n\n\n<div class=\"wp-block-column is-layout-flow wp-block-column-is-layout-flow\">\n<div class=\"wp-block-essential-blocks-flipbox  root-eb-flipbox-334pf\"><div class=\"eb-parent-wrapper eb-parent-eb-flipbox-334pf \"><div class=\"eb-flipbox-container eb-flipbox-334pf eb-flipbox-align-center eb-hover-mode\" data-id=\"eb-flipbox-334pf\" data-flip-type=\"flip-left\" data-flip-mode=\"hover\"><div class=\"eb-flipper flip-left\"><div class=\"eb-flipbox-front\"><div class=\"eb-flipbox-items-container\"><div class=\"eb-flipbox-icon-wrapper\"><div class=\"eb-flipbox-front-image-container\"><div class=\"eb-image-wrapper\"><div class=\"eb-image-wrapper-inner eb-flipbox-front-image eb-img-style-rounded\"><img decoding=\"async\" src=\"https:\/\/www.cofe.at\/wp-content\/uploads\/Cons-Risi-656092.svg\" alt=\"\"\/><\/div><\/div><\/div><\/div><div class=\"eb-flipbox-front-title-wrapper\"><h3 class=\"eb-flipbox-front-title\">Risikomanagement und Verbesserungs-<br>prozess<\/h3><\/div><\/div><\/div><div class=\"eb-flipbox-back\" onclick=\"window.location='https:\/\/www.cofe.at\/index.php\/servicedienstleistungen\/risikomanagement\/'\"><div class=\"eb-flipbox-items-container\"><div class=\"eb-flipbox-icon-wrapper\"><div class=\"eb-flipbox-back-image-container\"><div class=\"eb-image-wrapper\"><div class=\"eb-image-wrapper-inner eb-flipbox-back-image eb-img-style-rounded\"><img decoding=\"async\" src=\"https:\/\/www.cofe.at\/wp-content\/uploads\/Cons-Risi-656092.svg\" alt=\"\"\/><\/div><\/div><\/div><\/div><div class=\"eb-flipbox-back-content-wrapper\"><p class=\"eb-flipbox-back-content\">Risiko und Chancen, Schadteilanalyse, Kennzahlen, Kontinuierliche Verbesserung, 6Sigma, &#8230;<\/p><\/div><\/div><\/div><\/div><\/div><\/div><\/div>\n\n\n\n<div class=\"wp-block-essential-blocks-flipbox  root-eb-flipbox-9e0lx\"><div class=\"eb-parent-wrapper eb-parent-eb-flipbox-9e0lx \"><div class=\"eb-flipbox-container eb-flipbox-9e0lx eb-flipbox-align-center eb-hover-mode\" data-id=\"eb-flipbox-9e0lx\" data-flip-type=\"flip-left\" data-flip-mode=\"hover\"><div class=\"eb-flipper flip-left\"><div class=\"eb-flipbox-front\"><div class=\"eb-flipbox-items-container\"><div class=\"eb-flipbox-icon-wrapper\"><div class=\"eb-flipbox-front-image-container\"><div class=\"eb-image-wrapper\"><div class=\"eb-image-wrapper-inner eb-flipbox-front-image eb-img-style-rounded\"><img decoding=\"async\" src=\"https:\/\/www.cofe.at\/wp-content\/uploads\/Cons-Supp-17c19a.svg\" alt=\"\"\/><\/div><\/div><\/div><\/div><div class=\"eb-flipbox-front-title-wrapper\"><h3 class=\"eb-flipbox-front-title\">Supply Chain Management<\/h3><\/div><\/div><\/div><div class=\"eb-flipbox-back\" onclick=\"window.location='https:\/\/www.cofe.at\/index.php\/servicedienstleistungen\/supply-chain-management\/'\"><div class=\"eb-flipbox-items-container\"><div class=\"eb-flipbox-icon-wrapper\"><div class=\"eb-flipbox-back-image-container\"><div class=\"eb-image-wrapper\"><div class=\"eb-image-wrapper-inner eb-flipbox-back-image eb-img-style-rounded\"><img decoding=\"async\" src=\"https:\/\/www.cofe.at\/wp-content\/uploads\/Cons-Supp-17c19a.svg\" alt=\"\"\/><\/div><\/div><\/div><\/div><div class=\"eb-flipbox-back-content-wrapper\"><p class=\"eb-flipbox-back-content\">Lieferantenmanagement, Planung und Steuerung, Wertstromdesign, &#8230;<\/p><\/div><\/div><\/div><\/div><\/div><\/div><\/div>\n\n\n\n<div class=\"wp-block-essential-blocks-flipbox  root-eb-flipbox-a6mjd\"><div class=\"eb-parent-wrapper eb-parent-eb-flipbox-a6mjd \"><div class=\"eb-flipbox-container eb-flipbox-a6mjd eb-flipbox-align-center eb-hover-mode\" data-id=\"eb-flipbox-a6mjd\" data-flip-type=\"flip-left\" data-flip-mode=\"hover\"><div class=\"eb-flipper flip-left\"><div class=\"eb-flipbox-front\"><div class=\"eb-flipbox-items-container\"><div class=\"eb-flipbox-icon-wrapper\"><div class=\"eb-flipbox-front-image-container\"><div class=\"eb-image-wrapper\"><div class=\"eb-image-wrapper-inner eb-flipbox-front-image eb-img-style-rounded\"><img decoding=\"async\" src=\"https:\/\/www.cofe.at\/wp-content\/uploads\/WIN_Logo_oT-80fdf6.svg\" alt=\"\"\/><\/div><\/div><\/div><\/div><div class=\"eb-flipbox-front-title-wrapper\"><h3 class=\"eb-flipbox-front-title\">WIN Steiermark F\u00f6rderprogramm<\/h3><\/div><\/div><\/div><div class=\"eb-flipbox-back\" onclick=\"window.location='https:\/\/www.cofe.at\/index.php\/servicedienstleistungen\/win-steiermark\/'\"><div class=\"eb-flipbox-items-container\"><div class=\"eb-flipbox-icon-wrapper\"><div class=\"eb-flipbox-back-image-container\"><div class=\"eb-image-wrapper\"><div class=\"eb-image-wrapper-inner eb-flipbox-back-image eb-img-style-rounded\"><img decoding=\"async\" src=\"https:\/\/www.cofe.at\/wp-content\/uploads\/WIN_Logo_oT-80fdf6.svg\" alt=\"\"\/><\/div><\/div><\/div><\/div><div class=\"eb-flipbox-back-content-wrapper\"><p class=\"eb-flipbox-back-content\">Gef\u00f6rderte Beratungen der Wirtschaftsinitiative Nachhaltige Steiermark<\/p><\/div><\/div><\/div><\/div><\/div><\/div><\/div>\n<\/div>\n\n\n\n<div class=\"wp-block-column is-layout-flow wp-block-column-is-layout-flow\">\n<div class=\"wp-block-essential-blocks-flipbox  root-eb-flipbox-hze9l\"><div class=\"eb-parent-wrapper eb-parent-eb-flipbox-hze9l \"><div class=\"eb-flipbox-container eb-flipbox-hze9l eb-flipbox-align-center eb-hover-mode\" data-id=\"eb-flipbox-hze9l\" data-flip-type=\"flip-left\" data-flip-mode=\"hover\"><div class=\"eb-flipper flip-left\"><div class=\"eb-flipbox-front\"><div class=\"eb-flipbox-items-container\"><div class=\"eb-flipbox-icon-wrapper\"><div class=\"eb-flipbox-front-image-container\"><div class=\"eb-image-wrapper\"><div class=\"eb-image-wrapper-inner eb-flipbox-front-image eb-img-style-rounded\"><img decoding=\"async\" src=\"https:\/\/www.cofe.at\/wp-content\/uploads\/Cons-Proz-7be0c8.svg\" alt=\"\"\/><\/div><\/div><\/div><\/div><div class=\"eb-flipbox-front-title-wrapper\"><h3 class=\"eb-flipbox-front-title\">Prozessmanagement und Prozessentwicklung<\/h3><\/div><\/div><\/div><div class=\"eb-flipbox-back\" onclick=\"window.location='https:\/\/www.cofe.at\/index.php\/servicedienstleistungen\/prozessmanagement\/'\"><div class=\"eb-flipbox-items-container\"><div class=\"eb-flipbox-icon-wrapper\"><div class=\"eb-flipbox-back-image-container\"><div class=\"eb-image-wrapper\"><div class=\"eb-image-wrapper-inner eb-flipbox-back-image eb-img-style-rounded\"><img decoding=\"async\" src=\"https:\/\/www.cofe.at\/wp-content\/uploads\/Cons-Proz-7be0c8.svg\" alt=\"\"\/><\/div><\/div><\/div><\/div><div class=\"eb-flipbox-back-content-wrapper\"><p class=\"eb-flipbox-back-content\">Qualit\u00e4tssicherung, Prozessentwicklung, Freigaben, &#8230;<\/p><\/div><\/div><\/div><\/div><\/div><\/div><\/div>\n\n\n\n<div class=\"wp-block-essential-blocks-flipbox  root-eb-flipbox-u680j\"><div class=\"eb-parent-wrapper eb-parent-eb-flipbox-u680j \"><div class=\"eb-flipbox-container eb-flipbox-u680j eb-flipbox-align-center eb-hover-mode\" data-id=\"eb-flipbox-u680j\" data-flip-type=\"flip-left\" data-flip-mode=\"hover\"><div class=\"eb-flipper flip-left\"><div class=\"eb-flipbox-front\"><div class=\"eb-flipbox-items-container\"><div class=\"eb-flipbox-icon-wrapper\"><div class=\"eb-flipbox-front-image-container\"><div class=\"eb-image-wrapper\"><div class=\"eb-image-wrapper-inner eb-flipbox-front-image eb-img-style-rounded\"><img decoding=\"async\" src=\"https:\/\/www.cofe.at\/wp-content\/uploads\/Cons-Prod-4822a7.svg\" alt=\"\"\/><\/div><\/div><\/div><\/div><div class=\"eb-flipbox-front-title-wrapper\"><h3 class=\"eb-flipbox-front-title\">Produktentwicklung und Zertifizierung<\/h3><\/div><\/div><\/div><div class=\"eb-flipbox-back\" onclick=\"window.location='https:\/\/www.cofe.at\/index.php\/servicedienstleistungen\/produktentwicklung-und-zertifizierung\/'\"><div class=\"eb-flipbox-items-container\"><div class=\"eb-flipbox-icon-wrapper\"><div class=\"eb-flipbox-back-image-container\"><div class=\"eb-image-wrapper\"><div class=\"eb-image-wrapper-inner eb-flipbox-back-image eb-img-style-rounded\"><img decoding=\"async\" src=\"https:\/\/www.cofe.at\/wp-content\/uploads\/Cons-Prod-4822a7.svg\" alt=\"\"\/><\/div><\/div><\/div><\/div><div class=\"eb-flipbox-back-content-wrapper\"><p class=\"eb-flipbox-back-content\">Produktzertifizierung, VA\/VE, &#8230;<\/p><\/div><\/div><\/div><\/div><\/div><\/div><\/div>\n<\/div>\n<\/div>\n","protected":false},"excerpt":{"rendered":"<p>Aus der Mitte Europas weltweit flexibel!Wir h\u00f6ren Ihnen gerne zu und nehmen uns Ihrer Schwachstellen\/Probleme an. Nicht nur Zeit ist Geld! Es gibt viele Bausteine, die man ver\u00e4ndern kann, um ans Ziel zu kommen.Wir begleiten Sie w\u00e4hrend der L\u00f6sungsfindung, damit es wieder weiter nach oben geht! Auch haben wir ein Partner-B\u00fcro in Shenyang (China).<\/p>\n","protected":false},"author":1,"featured_media":0,"parent":0,"menu_order":0,"comment_status":"closed","ping_status":"closed","template":"","meta":{"_eb_attr":"","_themeisle_gutenberg_block_has_review":false,"footnotes":""},"class_list":["post-171","page","type-page","status-publish","hentry"],"yoast_head":"<!-- This site is optimized with the Yoast SEO plugin v27.3 - https:\/\/yoast.com\/product\/yoast-seo-wordpress\/ -->\n<title>Consulting - CoFe e.U.<\/title>\n<meta name=\"description\" content=\"Ihr Partner f\u00fcr innovative Beratungsl\u00f6sungen! Wir unterst\u00fctzen Unternehmen bei Strategieentwicklung, Prozessoptimierung und Digitalisierung. Jetzt Kontakt aufnehmen!\" \/>\n<meta name=\"robots\" content=\"index, follow, max-snippet:-1, max-image-preview:large, max-video-preview:-1\" \/>\n<link rel=\"canonical\" href=\"https:\/\/www.cofe.at\/index.php\/servicedienstleistungen\/\" \/>\n<meta property=\"og:locale\" content=\"de_DE\" \/>\n<meta property=\"og:type\" content=\"article\" \/>\n<meta property=\"og:title\" content=\"Consulting - CoFe e.U.\" \/>\n<meta property=\"og:description\" content=\"Ihr Partner f\u00fcr innovative Beratungsl\u00f6sungen! Wir unterst\u00fctzen Unternehmen bei Strategieentwicklung, Prozessoptimierung und Digitalisierung. Jetzt Kontakt aufnehmen!\" \/>\n<meta property=\"og:url\" content=\"https:\/\/www.cofe.at\/index.php\/servicedienstleistungen\/\" \/>\n<meta property=\"og:site_name\" content=\"CoFe e.U.\" \/>\n<meta property=\"article:modified_time\" content=\"2025-12-22T07:54:20+00:00\" \/>\n<meta property=\"og:image\" content=\"https:\/\/www.cofe.at\/wp-content\/uploads\/Cons-Mana-105ad3.svg\" \/>\n<meta name=\"twitter:card\" content=\"summary_large_image\" \/>\n<meta name=\"twitter:label1\" content=\"Gesch\u00e4tzte Lesezeit\" \/>\n\t<meta name=\"twitter:data1\" content=\"4 Minuten\" \/>\n<script type=\"application\/ld+json\" class=\"yoast-schema-graph\">{\"@context\":\"https:\\\/\\\/schema.org\",\"@graph\":[{\"@type\":\"WebPage\",\"@id\":\"https:\\\/\\\/www.cofe.at\\\/index.php\\\/servicedienstleistungen\\\/\",\"url\":\"https:\\\/\\\/www.cofe.at\\\/index.php\\\/servicedienstleistungen\\\/\",\"name\":\"Consulting - CoFe e.U.\",\"isPartOf\":{\"@id\":\"https:\\\/\\\/www.cofe.at\\\/#website\"},\"primaryImageOfPage\":{\"@id\":\"https:\\\/\\\/www.cofe.at\\\/index.php\\\/servicedienstleistungen\\\/#primaryimage\"},\"image\":{\"@id\":\"https:\\\/\\\/www.cofe.at\\\/index.php\\\/servicedienstleistungen\\\/#primaryimage\"},\"thumbnailUrl\":\"https:\\\/\\\/www.cofe.at\\\/wp-content\\\/uploads\\\/Cons-Mana-105ad3.svg\",\"datePublished\":\"2024-11-20T17:49:23+00:00\",\"dateModified\":\"2025-12-22T07:54:20+00:00\",\"description\":\"Ihr Partner f\u00fcr innovative Beratungsl\u00f6sungen! Wir unterst\u00fctzen Unternehmen bei Strategieentwicklung, Prozessoptimierung und Digitalisierung. Jetzt Kontakt aufnehmen!\",\"breadcrumb\":{\"@id\":\"https:\\\/\\\/www.cofe.at\\\/index.php\\\/servicedienstleistungen\\\/#breadcrumb\"},\"inLanguage\":\"de-AT\",\"potentialAction\":[{\"@type\":\"ReadAction\",\"target\":[\"https:\\\/\\\/www.cofe.at\\\/index.php\\\/servicedienstleistungen\\\/\"]}]},{\"@type\":\"ImageObject\",\"inLanguage\":\"de-AT\",\"@id\":\"https:\\\/\\\/www.cofe.at\\\/index.php\\\/servicedienstleistungen\\\/#primaryimage\",\"url\":\"https:\\\/\\\/www.cofe.at\\\/wp-content\\\/uploads\\\/Cons-Mana-105ad3.svg\",\"contentUrl\":\"https:\\\/\\\/www.cofe.at\\\/wp-content\\\/uploads\\\/Cons-Mana-105ad3.svg\",\"width\":800,\"height\":800},{\"@type\":\"BreadcrumbList\",\"@id\":\"https:\\\/\\\/www.cofe.at\\\/index.php\\\/servicedienstleistungen\\\/#breadcrumb\",\"itemListElement\":[{\"@type\":\"ListItem\",\"position\":1,\"name\":\"Startseite\",\"item\":\"https:\\\/\\\/www.cofe.at\\\/\"},{\"@type\":\"ListItem\",\"position\":2,\"name\":\"Consulting\"}]},{\"@type\":\"WebSite\",\"@id\":\"https:\\\/\\\/www.cofe.at\\\/#website\",\"url\":\"https:\\\/\\\/www.cofe.at\\\/\",\"name\":\"CoFe e.U.\",\"description\":\"Consulting - Coaching - Computing\",\"publisher\":{\"@id\":\"https:\\\/\\\/www.cofe.at\\\/#organization\"},\"potentialAction\":[{\"@type\":\"SearchAction\",\"target\":{\"@type\":\"EntryPoint\",\"urlTemplate\":\"https:\\\/\\\/www.cofe.at\\\/?s={search_term_string}\"},\"query-input\":{\"@type\":\"PropertyValueSpecification\",\"valueRequired\":true,\"valueName\":\"search_term_string\"}}],\"inLanguage\":\"de-AT\"},{\"@type\":\"Organization\",\"@id\":\"https:\\\/\\\/www.cofe.at\\\/#organization\",\"name\":\"CoFe e.U.\",\"url\":\"https:\\\/\\\/www.cofe.at\\\/\",\"logo\":{\"@type\":\"ImageObject\",\"inLanguage\":\"de-AT\",\"@id\":\"https:\\\/\\\/www.cofe.at\\\/#\\\/schema\\\/logo\\\/image\\\/\",\"url\":\"https:\\\/\\\/www.cofe.at\\\/wp-content\\\/uploads\\\/2024\\\/11\\\/CoFe_Logo_ohneText_blau-bbfff2.svg\",\"contentUrl\":\"https:\\\/\\\/www.cofe.at\\\/wp-content\\\/uploads\\\/2024\\\/11\\\/CoFe_Logo_ohneText_blau-bbfff2.svg\",\"width\":100,\"height\":100,\"caption\":\"CoFe e.U.\"},\"image\":{\"@id\":\"https:\\\/\\\/www.cofe.at\\\/#\\\/schema\\\/logo\\\/image\\\/\"},\"sameAs\":[\"https:\\\/\\\/www.xing.com\\\/pages\\\/cofe-e-u\",\"https:\\\/\\\/www.linkedin.com\\\/company\\\/103912604\"]}]}<\/script>\n<!-- \/ Yoast SEO plugin. -->","yoast_head_json":{"title":"Consulting - CoFe e.U.","description":"Ihr Partner f\u00fcr innovative Beratungsl\u00f6sungen! Wir unterst\u00fctzen Unternehmen bei Strategieentwicklung, Prozessoptimierung und Digitalisierung. Jetzt Kontakt aufnehmen!","robots":{"index":"index","follow":"follow","max-snippet":"max-snippet:-1","max-image-preview":"max-image-preview:large","max-video-preview":"max-video-preview:-1"},"canonical":"https:\/\/www.cofe.at\/index.php\/servicedienstleistungen\/","og_locale":"de_DE","og_type":"article","og_title":"Consulting - CoFe e.U.","og_description":"Ihr Partner f\u00fcr innovative Beratungsl\u00f6sungen! Wir unterst\u00fctzen Unternehmen bei Strategieentwicklung, Prozessoptimierung und Digitalisierung. Jetzt Kontakt aufnehmen!","og_url":"https:\/\/www.cofe.at\/index.php\/servicedienstleistungen\/","og_site_name":"CoFe e.U.","article_modified_time":"2025-12-22T07:54:20+00:00","og_image":[{"url":"https:\/\/www.cofe.at\/wp-content\/uploads\/Cons-Mana-105ad3.svg","type":"","width":"","height":""}],"twitter_card":"summary_large_image","twitter_misc":{"Gesch\u00e4tzte Lesezeit":"4 Minuten"},"schema":{"@context":"https:\/\/schema.org","@graph":[{"@type":"WebPage","@id":"https:\/\/www.cofe.at\/index.php\/servicedienstleistungen\/","url":"https:\/\/www.cofe.at\/index.php\/servicedienstleistungen\/","name":"Consulting - CoFe e.U.","isPartOf":{"@id":"https:\/\/www.cofe.at\/#website"},"primaryImageOfPage":{"@id":"https:\/\/www.cofe.at\/index.php\/servicedienstleistungen\/#primaryimage"},"image":{"@id":"https:\/\/www.cofe.at\/index.php\/servicedienstleistungen\/#primaryimage"},"thumbnailUrl":"https:\/\/www.cofe.at\/wp-content\/uploads\/Cons-Mana-105ad3.svg","datePublished":"2024-11-20T17:49:23+00:00","dateModified":"2025-12-22T07:54:20+00:00","description":"Ihr Partner f\u00fcr innovative Beratungsl\u00f6sungen! Wir unterst\u00fctzen Unternehmen bei Strategieentwicklung, Prozessoptimierung und Digitalisierung. Jetzt Kontakt aufnehmen!","breadcrumb":{"@id":"https:\/\/www.cofe.at\/index.php\/servicedienstleistungen\/#breadcrumb"},"inLanguage":"de-AT","potentialAction":[{"@type":"ReadAction","target":["https:\/\/www.cofe.at\/index.php\/servicedienstleistungen\/"]}]},{"@type":"ImageObject","inLanguage":"de-AT","@id":"https:\/\/www.cofe.at\/index.php\/servicedienstleistungen\/#primaryimage","url":"https:\/\/www.cofe.at\/wp-content\/uploads\/Cons-Mana-105ad3.svg","contentUrl":"https:\/\/www.cofe.at\/wp-content\/uploads\/Cons-Mana-105ad3.svg","width":800,"height":800},{"@type":"BreadcrumbList","@id":"https:\/\/www.cofe.at\/index.php\/servicedienstleistungen\/#breadcrumb","itemListElement":[{"@type":"ListItem","position":1,"name":"Startseite","item":"https:\/\/www.cofe.at\/"},{"@type":"ListItem","position":2,"name":"Consulting"}]},{"@type":"WebSite","@id":"https:\/\/www.cofe.at\/#website","url":"https:\/\/www.cofe.at\/","name":"CoFe e.U.","description":"Consulting - Coaching - Computing","publisher":{"@id":"https:\/\/www.cofe.at\/#organization"},"potentialAction":[{"@type":"SearchAction","target":{"@type":"EntryPoint","urlTemplate":"https:\/\/www.cofe.at\/?s={search_term_string}"},"query-input":{"@type":"PropertyValueSpecification","valueRequired":true,"valueName":"search_term_string"}}],"inLanguage":"de-AT"},{"@type":"Organization","@id":"https:\/\/www.cofe.at\/#organization","name":"CoFe e.U.","url":"https:\/\/www.cofe.at\/","logo":{"@type":"ImageObject","inLanguage":"de-AT","@id":"https:\/\/www.cofe.at\/#\/schema\/logo\/image\/","url":"https:\/\/www.cofe.at\/wp-content\/uploads\/2024\/11\/CoFe_Logo_ohneText_blau-bbfff2.svg","contentUrl":"https:\/\/www.cofe.at\/wp-content\/uploads\/2024\/11\/CoFe_Logo_ohneText_blau-bbfff2.svg","width":100,"height":100,"caption":"CoFe e.U."},"image":{"@id":"https:\/\/www.cofe.at\/#\/schema\/logo\/image\/"},"sameAs":["https:\/\/www.xing.com\/pages\/cofe-e-u","https:\/\/www.linkedin.com\/company\/103912604"]}]}},"_links":{"self":[{"href":"https:\/\/www.cofe.at\/index.php\/wp-json\/wp\/v2\/pages\/171","targetHints":{"allow":["GET"]}}],"collection":[{"href":"https:\/\/www.cofe.at\/index.php\/wp-json\/wp\/v2\/pages"}],"about":[{"href":"https:\/\/www.cofe.at\/index.php\/wp-json\/wp\/v2\/types\/page"}],"author":[{"embeddable":true,"href":"https:\/\/www.cofe.at\/index.php\/wp-json\/wp\/v2\/users\/1"}],"replies":[{"embeddable":true,"href":"https:\/\/www.cofe.at\/index.php\/wp-json\/wp\/v2\/comments?post=171"}],"version-history":[{"count":17,"href":"https:\/\/www.cofe.at\/index.php\/wp-json\/wp\/v2\/pages\/171\/revisions"}],"predecessor-version":[{"id":2785,"href":"https:\/\/www.cofe.at\/index.php\/wp-json\/wp\/v2\/pages\/171\/revisions\/2785"}],"wp:attachment":[{"href":"https:\/\/www.cofe.at\/index.php\/wp-json\/wp\/v2\/media?parent=171"}],"curies":[{"name":"wp","href":"https:\/\/api.w.org\/{rel}","templated":true}]}}